{"id":55488,"date":"2021-02-12T11:58:02","date_gmt":"2021-02-12T11:58:02","guid":{"rendered":"https:\/\/primomoto.es\/bela-cordaniel-jaqueta-para-motocicleta-preto-cinza-escuro\/"},"modified":"2022-12-01T10:02:56","modified_gmt":"2022-12-01T10:02:56","slug":"bela-cordaniel-jaqueta-para-motocicleta-preto-cinza","status":"publish","type":"product","link":"https:\/\/primomoto.es\/pt-pt\/bela-cordaniel-jaqueta-para-motocicleta-preto-cinza\/","title":{"rendered":"Bela Cordaniel Motocicleta Jaqueta Preto\/Escuro Cinza"},"content":{"rendered":"<h2><strong>Bela Cordaniel Jaqueta para Motocicleta &#8211; Preto\/Cinza escuro\/fl\u00faor amarelo<\/strong><\/h2>\n<p><strong>Informa\u00e7\u00e3o t\u00e9cnica:<\/strong><\/p>\n<ul>\n<li>600D Polyester Outer-shell Construction<\/li>\n<li>Forro interior em malha macia<\/li>\n<li>Preenchimento aprovado CE<\/li>\n<li>Forro interno de poli\u00e9ster remov\u00edvel, com bolso interno para celular e documentos.<\/li>\n<li>Tecido agrad\u00e1vel e macio ao toque no pesco\u00e7o<\/li>\n<li>Dois bolsos aquecendo as m\u00e3os<\/li>\n<li>Preenchendo na \u00e1rea do ombro e punho<\/li>\n<li>Protetores no ombro, cotovelo e costas.<\/li>\n<li>\u00c1reas reflexivas para melhor visibilidade noturna<\/li>\n<li>Punho com fecho de velcro<\/li>\n<\/ul>\n","protected":false},"excerpt":{"rendered":"<p>Bela Cordaniel Jaqueta para Motocicleta &#8211; Preto\/Cinza escuro\/fl\u00faor amarelo Informa\u00e7\u00e3o t\u00e9cnica: 600D Polyester Outer-shell Construction Forro interior em malha macia<\/p>\n","protected":false},"featured_media":102682,"template":"","meta":[],"product_brand":[],"product_cat":[2614,2616,2615,682],"product_tag":[2665,2670],"class_list":{"0":"post-55488","1":"product","2":"type-product","3":"status-publish","4":"has-post-thumbnail","6":"product_cat-casacos-motos","7":"product_cat-casacos-de-texteis","8":"product_cat-homens-jaquetas-de-motocicleta","9":"product_cat-motorcycle-clothing-pt-pt","10":"product_tag-jaqueta-de-tecido","11":"product_tag-jaqueta_man","12":"pa_size-46-xs-pt-pt","13":"pa_size-50-m-pt-pt-2","14":"pa_size-52-l-pt-pt","15":"pa_size-54-xl-pt-pt","16":"pa_size-56-2xl-pt-pt-2","17":"pa_size-58-3xl-pt-pt-2","18":"pa_size-60-4xl-pt-pt","19":"pa_size-62-5xl-pt-pt","20":"pa_size-64-6xl-pt-pt","22":"first","23":"outofstock","24":"sale","25":"taxable","26":"shipping-taxable","27":"purchasable","28":"product-type-variable","29":"has-default-attributes"},"_links":{"self":[{"href":"https:\/\/primomoto.es\/pt-pt\/wp-json\/wp\/v2\/product\/55488","targetHints":{"allow":["GET"]}}],"collection":[{"href":"https:\/\/primomoto.es\/pt-pt\/wp-json\/wp\/v2\/product"}],"about":[{"href":"https:\/\/primomoto.es\/pt-pt\/wp-json\/wp\/v2\/types\/product"}],"wp:featuredmedia":[{"embeddable":true,"href":"https:\/\/primomoto.es\/pt-pt\/wp-json\/wp\/v2\/media\/102682"}],"wp:attachment":[{"href":"https:\/\/primomoto.es\/pt-pt\/wp-json\/wp\/v2\/media?parent=55488"}],"wp:term":[{"taxonomy":"product_brand","embeddable":true,"href":"https:\/\/primomoto.es\/pt-pt\/wp-json\/wp\/v2\/product_brand?post=55488"},{"taxonomy":"product_cat","embeddable":true,"href":"https:\/\/primomoto.es\/pt-pt\/wp-json\/wp\/v2\/product_cat?post=55488"},{"taxonomy":"product_tag","embeddable":true,"href":"https:\/\/primomoto.es\/pt-pt\/wp-json\/wp\/v2\/product_tag?post=55488"}],"curies":[{"name":"wp","href":"https:\/\/api.w.org\/{rel}","templated":true}]}}

<h2><strong>Bela Cordaniel Jaqueta para Motocicleta &#8211; Preto/Cinza escuro/flúor amarelo</strong></h2>
<p><strong>Informação técnica:</strong></p>
<ul>
<li>600D Polyester Outer-shell Construction</li>
<li>Forro interior em malha macia</li>
<li>Preenchimento aprovado CE</li>
<li>Forro interno de poliéster removível, com bolso interno para celular e documentos.</li>
<li>Tecido agradável e macio ao toque no pescoço</li>
<li>Dois bolsos aquecendo as mãos</li>
<li>Preenchendo na área do ombro e punho</li>
<li>Protetores no ombro, cotovelo e costas.</li>
<li>Áreas reflexivas para melhor visibilidade noturna</li>
<li>Punho com fecho de velcro</li>
</ul>

<p>Bela Cordaniel Jaqueta para Motocicleta &#8211; Preto/Cinza escuro/flúor amarelo Informação técnica: 600D Polyester Outer-shell Construction Forro interior em malha macia</p>
