{"id":293502,"date":"2025-07-04T14:43:35","date_gmt":"2025-07-04T14:43:35","guid":{"rendered":"https:\/\/primomoto.es\/foura-revo-motocicleta-textil-casaco-preto-cinzento\/"},"modified":"2025-07-07T09:05:13","modified_gmt":"2025-07-07T09:05:13","slug":"foura-revo-motocicleta-textil-casaco-preto-cinzento","status":"publish","type":"product","link":"https:\/\/primomoto.es\/pt-pt\/foura-revo-motocicleta-textil-casaco-preto-cinzento\/","title":{"rendered":"Foura Revo Motocicleta T\u00eaxtil Casaco Preto\/Cinzento"},"content":{"rendered":"<p><span style=\"color: #ff0000;\"><strong>Nota: os pedidos s\u00e3o enviados em 10 a 15 dias \u00fateis a partir da data da compra!!<\/strong><\/span><\/p>\n<h2 dir=\"auto\"><strong>Foura Revo Casaco curto de tecido para motocicleta.<\/strong><\/h2>\n<div dir=\"auto\">Fa\u00e7a o seu passeio da forma mais confort\u00e1vel com a prote\u00e7\u00e3o aprovada pela CE com este Foura Revo<\/div>\n<div dir=\"auto\">blus\u00e3o t\u00eaxtil para motociclista. Possui um forro acolchoado remov\u00edvel para o inverno e, no ver\u00e3o, remove-o.<\/div>\n<div dir=\"auto\">prote\u00e7\u00e3o com refletores para melhor visibilidade noturna. Foura Revo<\/div>\n<div dir=\"auto\">O casaco masculino est\u00e1 dispon\u00edvel em cores diferentes.<\/div>\n<div dir=\"auto\"><\/div>\n<h3 dir=\"auto\"><strong>Informa\u00e7\u00e3o t\u00e9cnica:<\/strong><\/h3>\n<div dir=\"auto\"><\/div>\n<ul>\n<li dir=\"auto\">Revestimento exterior: Cordura 600D.<\/li>\n<li dir=\"auto\">Forro interior em malha macia<\/li>\n<li dir=\"auto\">Forro t\u00e9rmico remov\u00edvel para manter quente.<\/li>\n<li dir=\"auto\">Bolso especial para telem\u00f3vel e documentos em camada t\u00e9rmica.<\/li>\n<li dir=\"auto\">Gola em neoprene macio com Taslon macio no interior.<\/li>\n<li dir=\"auto\">Dois bolsos imperme\u00e1veis \u200b\u200bna cintura.<\/li>\n<li dir=\"auto\">Protetores aprovados pela CE nos ombros, cotovelos e costas.<\/li>\n<li dir=\"auto\">Zonas refletoras no bra\u00e7o, na frente e nas costas para melhor visibilidade noturna<\/li>\n<li dir=\"auto\">Log\u00f3tipo refletor Foura na frente e atr\u00e1s.<\/li>\n<li dir=\"auto\">Fecho de liga\u00e7\u00e3o YKK para conectar com cal\u00e7as.<\/li>\n<li dir=\"auto\">Punho com fecho de correr<\/li>\n<\/ul>\n<p>&nbsp;<\/p>\n","protected":false},"excerpt":{"rendered":"<p>Nota: os pedidos s\u00e3o enviados em 10 a 15 dias \u00fateis a partir da data da compra!! Foura Revo Casaco<\/p>\n","protected":false},"featured_media":301388,"template":"","meta":[],"product_brand":[],"product_cat":[2614,2616,2615,682],"product_tag":[2629,4936,3140,4627,4935,4746],"class_list":{"0":"post-293502","1":"product","2":"type-product","3":"status-publish","4":"has-post-thumbnail","6":"product_cat-casacos-motos","7":"product_cat-casacos-de-texteis","8":"product_cat-homens-jaquetas-de-motocicleta","9":"product_cat-motorcycle-clothing-pt-pt","10":"product_tag-chaqueta-de-turismo-pt-pt","11":"product_tag-homens-motocicleta-casaco","12":"product_tag-jaqueta-de-moto","13":"product_tag-jaqueta-de-passeio-de-moto","14":"product_tag-jaquetas","15":"product_tag-textil-jaquetas","16":"pa_size-44-xxs-pt-pt","17":"pa_size-46-xs-pt-pt","18":"pa_size-48-s-pt-pt","19":"pa_size-50-m-pt-pt-2","20":"pa_size-52-l-pt-pt","21":"pa_size-54-xl-pt-pt","22":"pa_size-56-2xl-pt-pt-2","23":"pa_size-58-3xl-pt-pt-2","24":"pa_size-60-4xl-pt-pt","25":"pa_size-62-5xl-pt-pt","26":"pa_size-64-6xl-pt-pt","27":"pa_size-66-7xl-pt-pt","28":"pa_size-68-8xl-pt-pt","30":"first","31":"instock","32":"sale","33":"taxable","34":"shipping-taxable","35":"purchasable","36":"product-type-variable","37":"has-default-attributes"},"_links":{"self":[{"href":"https:\/\/primomoto.es\/pt-pt\/wp-json\/wp\/v2\/product\/293502","targetHints":{"allow":["GET"]}}],"collection":[{"href":"https:\/\/primomoto.es\/pt-pt\/wp-json\/wp\/v2\/product"}],"about":[{"href":"https:\/\/primomoto.es\/pt-pt\/wp-json\/wp\/v2\/types\/product"}],"wp:featuredmedia":[{"embeddable":true,"href":"https:\/\/primomoto.es\/pt-pt\/wp-json\/wp\/v2\/media\/301388"}],"wp:attachment":[{"href":"https:\/\/primomoto.es\/pt-pt\/wp-json\/wp\/v2\/media?parent=293502"}],"wp:term":[{"taxonomy":"product_brand","embeddable":true,"href":"https:\/\/primomoto.es\/pt-pt\/wp-json\/wp\/v2\/product_brand?post=293502"},{"taxonomy":"product_cat","embeddable":true,"href":"https:\/\/primomoto.es\/pt-pt\/wp-json\/wp\/v2\/product_cat?post=293502"},{"taxonomy":"product_tag","embeddable":true,"href":"https:\/\/primomoto.es\/pt-pt\/wp-json\/wp\/v2\/product_tag?post=293502"}],"curies":[{"name":"wp","href":"https:\/\/api.w.org\/{rel}","templated":true}]}}

Foura Revo Motocicleta Têxtil Casaco Preto/Cinzento

<p><span style="color: #ff0000;"><strong>Nota: os pedidos são enviados em 10 a 15 dias úteis a partir da data da compra!!</strong></span></p>
<h2 dir="auto"><strong>Foura Revo Casaco curto de tecido para motocicleta.</strong></h2>
<div dir="auto">Faça o seu passeio da forma mais confortável com a proteção aprovada pela CE com este Foura Revo</div>
<div dir="auto">blusão têxtil para motociclista. Possui um forro acolchoado removível para o inverno e, no verão, remove-o.</div>
<div dir="auto">proteção com refletores para melhor visibilidade noturna. Foura Revo</div>
<div dir="auto">O casaco masculino está disponível em cores diferentes.</div>
<div dir="auto"></div>
<h3 dir="auto"><strong>Informação técnica:</strong></h3>
<div dir="auto"></div>
<ul>
<li dir="auto">Revestimento exterior: Cordura 600D.</li>
<li dir="auto">Forro interior em malha macia</li>
<li dir="auto">Forro térmico removível para manter quente.</li>
<li dir="auto">Bolso especial para telemóvel e documentos em camada térmica.</li>
<li dir="auto">Gola em neoprene macio com Taslon macio no interior.</li>
<li dir="auto">Dois bolsos impermeáveis ​​na cintura.</li>
<li dir="auto">Protetores aprovados pela CE nos ombros, cotovelos e costas.</li>
<li dir="auto">Zonas refletoras no braço, na frente e nas costas para melhor visibilidade noturna</li>
<li dir="auto">Logótipo refletor Foura na frente e atrás.</li>
<li dir="auto">Fecho de ligação YKK para conectar com calças.</li>
<li dir="auto">Punho com fecho de correr</li>
</ul>
<p>&nbsp;</p>

<p>Nota: os pedidos são enviados em 10 a 15 dias úteis a partir da data da compra!! Foura Revo Casaco</p>
