{"id":118647,"date":"2022-06-15T12:36:36","date_gmt":"2022-06-16T12:46:00","guid":{"rendered":"https:\/\/primomoto.es\/bela-rio-homens-jeans-preto\/"},"modified":"2022-06-16T12:46:00","modified_gmt":"2022-06-16T12:46:00","slug":"bela-rio-men-denim-jeans-preto","status":"publish","type":"product","link":"https:\/\/primomoto.es\/pt-pt\/bela-rio-men-denim-jeans-preto\/","title":{"rendered":"Bela Rio Homens Jeans Preto"},"content":{"rendered":"<h2>\n            <strong><br \/>\n              <span>Jeans Motocicleta Bela Rio Man &#8211; Preto<\/span><br \/>\n            <\/strong><br \/>\n          <\/h2>\n<p>          <strong><br \/>\n            <span>Informa\u00e7\u00e3o do produto:<\/span><br \/>\n          <\/strong><\/p>\n<p>          <span>A cal\u00e7a jeans masculina &#8216;Rio&#8217; faz parte da \u00faltima cole\u00e7\u00e3o sem costuras da marca Bela jean. A cal\u00e7a jeans masculina Rio \u00e9 confeccionada com o melhor tecido de algod\u00e3o e elastano. N\u00e3o s\u00f3 isso, refor\u00e7os adicionais de tecido de aramida DuPont estrategicamente colocados para excelente resist\u00eancia \u00e0 abras\u00e3o sem comprometer o bom conforto e elasticidade. Os protetores de joelho e coxa aprovados pela CE \u201cEN 1621-1:2012\u201d s\u00e3o dif\u00edceis de detectar ao dirigir\/andar, mas oferecem a melhor prote\u00e7\u00e3o em caso de acidentes infelizes durante a condu\u00e7\u00e3o.<\/span><\/p>\n<p>          <strong><br \/>\n            <span>tecido do escudo:<\/span><br \/>\n          <\/strong><\/p>\n<ul>\n<li><span>jeans el\u00e1stico de 11 on\u00e7as<\/span><\/li>\n<li><span>Confeccionada em 98% algod\u00e3o e 2% elastano.<\/span><\/li>\n<li><span>Preto<\/span><\/li>\n<\/ul>\n<p>          <strong><br \/>\n            <span>Prote\u00e7\u00f5es:<\/span><br \/>\n          <\/strong><\/p>\n<ul>\n<li><span>Prote\u00e7\u00f5es remov\u00edveis nos joelhos e coxas com certifica\u00e7\u00e3o CE EN 1621-1: 2012.<\/span><\/li>\n<li><span>As joelheiras s\u00e3o ajust\u00e1veis gra\u00e7as ao velcro adicional na parte superior e inferior.<\/span><\/li>\n<li><span>A prote\u00e7\u00e3o pode ser facilmente removida simplesmente abrindo os z\u00edperes laterais nos joelhos.<\/span><\/li>\n<\/ul>\n<p>          <strong><br \/>\n            <span>Conforto:<\/span><br \/>\n          <\/strong><\/p>\n<ul>\n<li><span>Forro interno em tecido DuPont Aramida, que \u00e9 colocado propositadamente para oferecer excelente resist\u00eancia \u00e0 abras\u00e3o.<\/span><\/li>\n<li><span>Forro interno em malha 100% poli\u00e9ster para respirabilidade e conforto.<\/span><\/li>\n<li><span>Melhor ajuste no corte regular.<\/span><\/li>\n<li><span>Z\u00edperes YKK\u00ae (\u00e1rea da mosca e do joelho)<\/span><\/li>\n<li><span>Com bolsa de prote\u00e7\u00e3o extra.<\/span><\/li>\n<\/ul>\n","protected":false},"excerpt":{"rendered":"<p>Jeans Motocicleta Bela Rio Man &#8211; Preto Informa\u00e7\u00e3o do produto: A cal\u00e7a jeans masculina &#8216;Rio&#8217; faz parte da \u00faltima cole\u00e7\u00e3o<\/p>\n","protected":false},"featured_media":118360,"template":"","meta":[],"product_brand":[],"product_cat":[2730,2733,2729,682,3265,3260],"product_tag":[3767,3797,4248],"class_list":{"0":"post-118647","1":"product","2":"type-product","3":"status-publish","4":"has-post-thumbnail","6":"product_cat-denim-masculino-homes","7":"product_cat-jeans-masculino","8":"product_cat-jeans-para-motos","9":"product_cat-motorcycle-clothing-pt-pt","10":"product_cat-rua","11":"product_cat-general-touring-category-pt","12":"product_tag-jeans-pt-pt","13":"product_tag-jeans-masculinos","14":"product_tag-jeans-preto","15":"pa_size-30-pt-pt","16":"pa_size-32-pt-pt","17":"pa_size-34-pt-pt","18":"pa_size-36-pt-pt","19":"pa_size-38-pt-pt","20":"pa_size-40-pt-pt","21":"pa_size-42-pt-pt","23":"first","24":"instock","25":"sale","26":"taxable","27":"shipping-taxable","28":"purchasable","29":"product-type-variable","30":"has-default-attributes"},"_links":{"self":[{"href":"https:\/\/primomoto.es\/pt-pt\/wp-json\/wp\/v2\/product\/118647","targetHints":{"allow":["GET"]}}],"collection":[{"href":"https:\/\/primomoto.es\/pt-pt\/wp-json\/wp\/v2\/product"}],"about":[{"href":"https:\/\/primomoto.es\/pt-pt\/wp-json\/wp\/v2\/types\/product"}],"wp:featuredmedia":[{"embeddable":true,"href":"https:\/\/primomoto.es\/pt-pt\/wp-json\/wp\/v2\/media\/118360"}],"wp:attachment":[{"href":"https:\/\/primomoto.es\/pt-pt\/wp-json\/wp\/v2\/media?parent=118647"}],"wp:term":[{"taxonomy":"product_brand","embeddable":true,"href":"https:\/\/primomoto.es\/pt-pt\/wp-json\/wp\/v2\/product_brand?post=118647"},{"taxonomy":"product_cat","embeddable":true,"href":"https:\/\/primomoto.es\/pt-pt\/wp-json\/wp\/v2\/product_cat?post=118647"},{"taxonomy":"product_tag","embeddable":true,"href":"https:\/\/primomoto.es\/pt-pt\/wp-json\/wp\/v2\/product_tag?post=118647"}],"curies":[{"name":"wp","href":"https:\/\/api.w.org\/{rel}","templated":true}]}}

<h2>
            <strong><br />
              <span>Jeans Motocicleta Bela Rio Man &#8211; Preto</span><br />
            </strong><br />
          </h2>
<p>          <strong><br />
            <span>Informação do produto:</span><br />
          </strong></p>
<p>          <span>A calça jeans masculina &#8216;Rio&#8217; faz parte da última coleção sem costuras da marca Bela jean. A calça jeans masculina Rio é confeccionada com o melhor tecido de algodão e elastano. Não só isso, reforços adicionais de tecido de aramida DuPont estrategicamente colocados para excelente resistência à abrasão sem comprometer o bom conforto e elasticidade. Os protetores de joelho e coxa aprovados pela CE “EN 1621-1:2012” são difíceis de detectar ao dirigir/andar, mas oferecem a melhor proteção em caso de acidentes infelizes durante a condução.</span></p>
<p>          <strong><br />
            <span>tecido do escudo:</span><br />
          </strong></p>
<ul>
<li><span>jeans elástico de 11 onças</span></li>
<li><span>Confeccionada em 98% algodão e 2% elastano.</span></li>
<li><span>Preto</span></li>
</ul>
<p>          <strong><br />
            <span>Proteções:</span><br />
          </strong></p>
<ul>
<li><span>Proteções removíveis nos joelhos e coxas com certificação CE EN 1621-1: 2012.</span></li>
<li><span>As joelheiras são ajustáveis graças ao velcro adicional na parte superior e inferior.</span></li>
<li><span>A proteção pode ser facilmente removida simplesmente abrindo os zíperes laterais nos joelhos.</span></li>
</ul>
<p>          <strong><br />
            <span>Conforto:</span><br />
          </strong></p>
<ul>
<li><span>Forro interno em tecido DuPont Aramida, que é colocado propositadamente para oferecer excelente resistência à abrasão.</span></li>
<li><span>Forro interno em malha 100% poliéster para respirabilidade e conforto.</span></li>
<li><span>Melhor ajuste no corte regular.</span></li>
<li><span>Zíperes YKK® (área da mosca e do joelho)</span></li>
<li><span>Com bolsa de proteção extra.</span></li>
</ul>

<p>Jeans Motocicleta Bela Rio Man &#8211; Preto Informação do produto: A calça jeans masculina &#8216;Rio&#8217; faz parte da última coleção</p>
