{"id":101613,"date":"2022-03-15T07:28:08","date_gmt":"2022-03-15T07:43:43","guid":{"rendered":"https:\/\/primomoto.es\/r-tech-falcon-verao-textil-luva-preto\/"},"modified":"2023-03-31T11:13:32","modified_gmt":"2023-03-31T11:13:32","slug":"r-tech-falcon-summer-textil-luva-preta","status":"publish","type":"product","link":"https:\/\/primomoto.es\/pt-pt\/r-tech-falcon-summer-textil-luva-preta\/","title":{"rendered":"R-Tech Falcon Ver\u00e3o T\u00eaxtil Luva Preto"},"content":{"rendered":"<h2><strong>Luvas de moto de ver\u00e3o &#8211; luvas de couro R-Tech Falcon<\/strong><\/h2>\n<p><strong>Descri\u00e7\u00e3o:<\/strong><\/p>\n<ul>\n<li>Luvas mistas de couro e t\u00eaxtil.<\/li>\n<li>Couro genu\u00edno usado em \u00e1reas de alto risco de impacto.<\/li>\n<li>Constru\u00e7\u00e3o de tecido de poli\u00e9ster macio para um ajuste confort\u00e1vel e ventila\u00e7\u00e3o de ar.<\/li>\n<li>Forro interno em poli\u00e9ster macio.<\/li>\n<li>Acabamento em couro genu\u00edno<\/li>\n<li>Protetor de TPU para prote\u00e7\u00e3o dos dedos.<\/li>\n<li>Prote\u00e7\u00e3o de ar para a seguran\u00e7a da palma e dos dedos.<\/li>\n<li>Refor\u00e7o Clarino para a seguran\u00e7a da palma.<\/li>\n<li>Forma curva para um ajuste confort\u00e1vel.<\/li>\n<li>pain\u00e9is de estiramento para<\/li>\n<li>Fecho de velcro ajust\u00e1vel no punho para conforto e ader\u00eancia do punho.<\/li>\n<\/ul>\n","protected":false},"excerpt":{"rendered":"<p>Luvas de moto de ver\u00e3o &#8211; luvas de couro R-Tech Falcon Descri\u00e7\u00e3o: Luvas mistas de couro e t\u00eaxtil. Couro genu\u00edno<\/p>\n","protected":false},"featured_media":101582,"template":"","meta":[],"product_brand":[],"product_cat":[2488,2482,2489,682,4564],"product_tag":[3184,3303,2493],"class_list":{"0":"post-101613","1":"product","2":"type-product","3":"status-publish","4":"has-post-thumbnail","6":"product_cat-luvas-de-motocicleta-masculinas","7":"product_cat-luvas-de-motocicleta-pt","8":"product_cat-luvas-de-touring","9":"product_cat-motorcycle-clothing-pt-pt","10":"product_cat-sale-pt-pt","11":"product_tag-luvas-pretas","12":"product_tag-luvas-texteis","13":"product_tag-touring-gloves-pt-pt","14":"pa_size-2xl-pt-pt","15":"pa_size-3xl-pt","16":"pa_size-l-pt-pt","17":"pa_size-m-pt-pt","18":"pa_size-s-pt-pt","19":"pa_size-xl-pt-pt","20":"pa_size-xs-pt-pt","22":"first","23":"outofstock","24":"sale","25":"taxable","26":"shipping-taxable","27":"purchasable","28":"product-type-variable","29":"has-default-attributes"},"_links":{"self":[{"href":"https:\/\/primomoto.es\/pt-pt\/wp-json\/wp\/v2\/product\/101613","targetHints":{"allow":["GET"]}}],"collection":[{"href":"https:\/\/primomoto.es\/pt-pt\/wp-json\/wp\/v2\/product"}],"about":[{"href":"https:\/\/primomoto.es\/pt-pt\/wp-json\/wp\/v2\/types\/product"}],"wp:featuredmedia":[{"embeddable":true,"href":"https:\/\/primomoto.es\/pt-pt\/wp-json\/wp\/v2\/media\/101582"}],"wp:attachment":[{"href":"https:\/\/primomoto.es\/pt-pt\/wp-json\/wp\/v2\/media?parent=101613"}],"wp:term":[{"taxonomy":"product_brand","embeddable":true,"href":"https:\/\/primomoto.es\/pt-pt\/wp-json\/wp\/v2\/product_brand?post=101613"},{"taxonomy":"product_cat","embeddable":true,"href":"https:\/\/primomoto.es\/pt-pt\/wp-json\/wp\/v2\/product_cat?post=101613"},{"taxonomy":"product_tag","embeddable":true,"href":"https:\/\/primomoto.es\/pt-pt\/wp-json\/wp\/v2\/product_tag?post=101613"}],"curies":[{"name":"wp","href":"https:\/\/api.w.org\/{rel}","templated":true}]}}

R-Tech Falcon Verão Têxtil Luva Preto

<h2><strong>Luvas de moto de verão &#8211; luvas de couro R-Tech Falcon</strong></h2>
<p><strong>Descrição:</strong></p>
<ul>
<li>Luvas mistas de couro e têxtil.</li>
<li>Couro genuíno usado em áreas de alto risco de impacto.</li>
<li>Construção de tecido de poliéster macio para um ajuste confortável e ventilação de ar.</li>
<li>Forro interno em poliéster macio.</li>
<li>Acabamento em couro genuíno</li>
<li>Protetor de TPU para proteção dos dedos.</li>
<li>Proteção de ar para a segurança da palma e dos dedos.</li>
<li>Reforço Clarino para a segurança da palma.</li>
<li>Forma curva para um ajuste confortável.</li>
<li>painéis de estiramento para</li>
<li>Fecho de velcro ajustável no punho para conforto e aderência do punho.</li>
</ul>

<p>Luvas de moto de verão &#8211; luvas de couro R-Tech Falcon Descrição: Luvas mistas de couro e têxtil. Couro genuíno</p>
