{"id":75847,"date":"2021-01-04T11:26:58","date_gmt":"2021-01-04T11:26:58","guid":{"rendered":"https:\/\/primomoto.es\/bela-mesh-pro-lady-blouson-moto-ete-noir\/"},"modified":"2021-11-28T13:18:02","modified_gmt":"2021-11-28T13:18:02","slug":"bela-mesh-pro-lady-veste-ete-pour-femmes-noir","status":"publish","type":"product","link":"https:\/\/primomoto.es\/fr\/bela-mesh-pro-lady-veste-ete-pour-femmes-noir\/","title":{"rendered":"Bela Mesh Pro Lady Blouson Moto \u00e9t\u00e9 Noir"},"content":{"rendered":"<h2><strong>Bela Mesh Pro Lady Veste \u00e9t\u00e9 pour Femmes Noir<\/strong><\/h2>\n<p>Bela Mesh Pro Lady a tout ce qu&rsquo;une cavali\u00e8re d\u00e9sire, que ce soit la protection, le style ou le confort. Cette veste est dot\u00e9e d&rsquo;une doublure en maille a\u00e9r\u00e9e pour la ventilation, ce qui la rend parfaite pour les sorties d&rsquo;\u00e9t\u00e9. Le logo r\u00e9fl\u00e9chissant sur le devant et le dos am\u00e9liore la visibilit\u00e9 de nuit. La veste textile Bela Mesh Pro Lady est disponible en noir et en gris glac\u00e9 dans diff\u00e9rentes tailles.<\/p>\n<p><strong>Informations et d\u00e9tails techniques:<\/strong><\/p>\n<ul>\n<li>Ext\u00e9rieur : 100% polyester Maxtex 600D avec maille a\u00e9r\u00e9e pour la ventilation<\/li>\n<li>Int\u00e9rieur : doublure en maille 100% polyester<\/li>\n<li>Protections amovibles approuv\u00e9es CE aux \u00e9paules et aux coudes<\/li>\n<li>Bouton-pression ajustable sur les manches<\/li>\n<li>Fermetures par velcro aux manches et ceintures \u00e0 la taille<\/li>\n<li>Deux poches imperm\u00e9ables<\/li>\n<li>Logo BELA r\u00e9fl\u00e9chissant devant et derri\u00e8re pour la conduite de nuit<\/li>\n<li>Rembourrage suppl\u00e9mentaire au dos pour une meilleure protection<\/li>\n<li>Fermeture \u00e9clair courte de fixation YKK #8<\/li>\n<\/ul>\n","protected":false},"excerpt":{"rendered":"<p>La nouvelle gamme de vestes d&rsquo;\u00e9t\u00e9 BELA pour femmes. Restez d\u00e9tendue et profitez des balades sous la chaleur des journ\u00e9es d&rsquo;\u00e9t\u00e9 gr\u00e2ce \u00e0 cette veste Bela Mesh Pro. Elle est dot\u00e9e d&rsquo;une doublure en maille pour plus de confort et de respirabilit\u00e9. Enti\u00e8rement ventil\u00e9e, sportive et prot\u00e9g\u00e9e de mani\u00e8re optimale, elle est disponible en noir et en gris glac\u00e9.<\/p>\n","protected":false},"featured_media":65863,"template":"","meta":[],"product_brand":[],"product_cat":[1935,1933,1929,1906],"product_tag":[2630,2702,2624],"class_list":{"0":"post-75847","1":"product","2":"type-product","3":"status-publish","4":"has-post-thumbnail","6":"product_cat-blouson-textile-femme","7":"product_cat-blousons-moto-femme","8":"product_cat-vestes-de-moto","9":"product_cat-vetements-de-moto","10":"product_tag-chaqueta-de-turismo-fr","11":"product_tag-veste-femme","12":"product_tag-veste-textile","13":"pa_size-34-2xs-fr","14":"pa_size-36-xs-fr","15":"pa_size-38-s-fr","16":"pa_size-40-m-fr","17":"pa_size-42-l-fr","18":"pa_size-44-xl-fr","19":"pa_size-46-2xl-fr","20":"pa_size-48-3xl-fr","21":"pa_size-50-4xl-fr","22":"pa_size-52-5xl-fr","23":"pa_size-54-6xl-fr","25":"first","26":"outofstock","27":"sale","28":"featured","29":"taxable","30":"shipping-taxable","31":"purchasable","32":"product-type-variable","33":"has-default-attributes"},"_links":{"self":[{"href":"https:\/\/primomoto.es\/fr\/wp-json\/wp\/v2\/product\/75847","targetHints":{"allow":["GET"]}}],"collection":[{"href":"https:\/\/primomoto.es\/fr\/wp-json\/wp\/v2\/product"}],"about":[{"href":"https:\/\/primomoto.es\/fr\/wp-json\/wp\/v2\/types\/product"}],"wp:featuredmedia":[{"embeddable":true,"href":"https:\/\/primomoto.es\/fr\/wp-json\/wp\/v2\/media\/65863"}],"wp:attachment":[{"href":"https:\/\/primomoto.es\/fr\/wp-json\/wp\/v2\/media?parent=75847"}],"wp:term":[{"taxonomy":"product_brand","embeddable":true,"href":"https:\/\/primomoto.es\/fr\/wp-json\/wp\/v2\/product_brand?post=75847"},{"taxonomy":"product_cat","embeddable":true,"href":"https:\/\/primomoto.es\/fr\/wp-json\/wp\/v2\/product_cat?post=75847"},{"taxonomy":"product_tag","embeddable":true,"href":"https:\/\/primomoto.es\/fr\/wp-json\/wp\/v2\/product_tag?post=75847"}],"curies":[{"name":"wp","href":"https:\/\/api.w.org\/{rel}","templated":true}]}}

Bela Mesh Pro Lady Blouson Moto été Noir

<h2><strong>Bela Mesh Pro Lady Veste été pour Femmes Noir</strong></h2>
<p>Bela Mesh Pro Lady a tout ce qu&rsquo;une cavalière désire, que ce soit la protection, le style ou le confort. Cette veste est dotée d&rsquo;une doublure en maille aérée pour la ventilation, ce qui la rend parfaite pour les sorties d&rsquo;été. Le logo réfléchissant sur le devant et le dos améliore la visibilité de nuit. La veste textile Bela Mesh Pro Lady est disponible en noir et en gris glacé dans différentes tailles.</p>
<p><strong>Informations et détails techniques:</strong></p>
<ul>
<li>Extérieur : 100% polyester Maxtex 600D avec maille aérée pour la ventilation</li>
<li>Intérieur : doublure en maille 100% polyester</li>
<li>Protections amovibles approuvées CE aux épaules et aux coudes</li>
<li>Bouton-pression ajustable sur les manches</li>
<li>Fermetures par velcro aux manches et ceintures à la taille</li>
<li>Deux poches imperméables</li>
<li>Logo BELA réfléchissant devant et derrière pour la conduite de nuit</li>
<li>Rembourrage supplémentaire au dos pour une meilleure protection</li>
<li>Fermeture éclair courte de fixation YKK #8</li>
</ul>

<p>La nouvelle gamme de vestes d&rsquo;été BELA pour femmes. Restez détendue et profitez des balades sous la chaleur des journées d&rsquo;été grâce à cette veste Bela Mesh Pro. Elle est dotée d&rsquo;une doublure en maille pour plus de confort et de respirabilité. Entièrement ventilée, sportive et protégée de manière optimale, elle est disponible en noir et en gris glacé.</p>
