{"id":61267,"date":"2021-08-27T15:12:49","date_gmt":"2021-08-27T15:33:55","guid":{"rendered":"https:\/\/primomoto.es\/bela-metro-jean-moto-bleu\/"},"modified":"2022-08-10T10:38:50","modified_gmt":"2022-08-10T10:38:50","slug":"bela-metro-jean-moto-bleu","status":"publish","type":"product","link":"https:\/\/primomoto.es\/fr\/bela-metro-jean-moto-bleu\/","title":{"rendered":"Bela Metro Moto Jeans Bleu"},"content":{"rendered":"<h2><strong>Motorcycle Jeans for Men &#8211; Bela Metro Denim Pant<\/strong><\/h2>\n<p><strong>INFORMATION PRODUIT:<\/strong><\/p>\n<p>The Metro Motorcycle Jeans is a part of the latest Bela Jeans Brand Collection. Metro Men\u2019s jeans style is made of best Cotton and Elastane fabric. De plus, les renforts suppl\u00e9mentaires en tissu DuPont Aramid sont strat\u00e9giquement plac\u00e9s pour une excellente r\u00e9sistance \u00e0 l&rsquo;abrasion sans compromettre le confort et l&rsquo;\u00e9lasticit\u00e9. Les prot\u00e8ge-genoux et cuisses homologu\u00e9s CE \u00ab\u00a0EN 1621-1:2012\u00a0\u00bb sont difficiles \u00e0 rep\u00e9rer lors de la conduite \/ marche, mais offrent la meilleure protection en cas d&rsquo;accident malheureux pendant la conduite&#8230;<\/p>\n<p><strong>Tissu ext\u00e9rieur :<\/strong><\/p>\n<ul>\n<li>Fabriqu\u00e9 en 98 % coton et 2 % \u00e9lasthanne.<\/li>\n<li>Couleur noire<\/li>\n<\/ul>\n<p><strong>Protections :<\/strong><\/p>\n<ul>\n<li>Protections amovibles aux genoux et aux cuisses avec certification CE EN 1621-1:2012.<\/li>\n<li>Les genouill\u00e8res sont r\u00e9glables gr\u00e2ce \u00e0 du velcro suppl\u00e9mentaire attach\u00e9 en haut et en bas.<\/li>\n<li>The Protection can be removed easily while simply opening the side knee zipper.<\/li>\n<\/ul>\n<p><strong>Confort:<\/strong><\/p>\n<ul>\n<li>Doublure int\u00e9rieure en tissu DuPont Aramid, qui est plac\u00e9e \u00e0 dessein pour offrir une excellente r\u00e9sistance \u00e0 l&rsquo;abrasion et \u00e0 la r\u00e9sistance.<\/li>\n<li>Doublure int\u00e9rieure en mesh 100% polyester pour une respirabilit\u00e9 et un confort accrus.<\/li>\n<li>Best fit in regular cut.<\/li>\n<li>Fermetures \u00e9clair YKK\u00ae (zone braguette et genoux)<\/li>\n<li>Avec sac de protection suppl\u00e9mentaire.<\/li>\n<\/ul>\n","protected":false},"excerpt":{"rendered":"<p>Motorcycle Jeans for Men &#8211; Bela Metro Denim Pant INFORMATION PRODUIT: The Metro Motorcycle Jeans is a part of the<\/p>\n","protected":false},"featured_media":61111,"template":"","meta":[],"product_brand":[],"product_cat":[1980,1974,1981,1954,3257,1906],"product_tag":[1982],"class_list":{"0":"post-61267","1":"product","2":"type-product","3":"status-publish","4":"has-post-thumbnail","6":"product_cat-hombres","7":"product_cat-jean-moto","8":"product_cat-jeans-fr-2","9":"product_cat-pantalon-de-moto","10":"product_cat-tournee","11":"product_cat-vetements-de-moto","12":"product_tag-los-hombres-de-mezclilla-fr","13":"pa_size-26-fr","14":"pa_size-28-fr","15":"pa_size-30-fr","16":"pa_size-32-fr","17":"pa_size-34-fr","18":"pa_size-36-fr","19":"pa_size-38-fr","20":"pa_size-40-fr","21":"pa_size-42-fr","22":"pa_size-44-fr","24":"first","25":"outofstock","26":"sale","27":"taxable","28":"shipping-taxable","29":"purchasable","30":"product-type-variable","31":"has-default-attributes"},"_links":{"self":[{"href":"https:\/\/primomoto.es\/fr\/wp-json\/wp\/v2\/product\/61267","targetHints":{"allow":["GET"]}}],"collection":[{"href":"https:\/\/primomoto.es\/fr\/wp-json\/wp\/v2\/product"}],"about":[{"href":"https:\/\/primomoto.es\/fr\/wp-json\/wp\/v2\/types\/product"}],"wp:featuredmedia":[{"embeddable":true,"href":"https:\/\/primomoto.es\/fr\/wp-json\/wp\/v2\/media\/61111"}],"wp:attachment":[{"href":"https:\/\/primomoto.es\/fr\/wp-json\/wp\/v2\/media?parent=61267"}],"wp:term":[{"taxonomy":"product_brand","embeddable":true,"href":"https:\/\/primomoto.es\/fr\/wp-json\/wp\/v2\/product_brand?post=61267"},{"taxonomy":"product_cat","embeddable":true,"href":"https:\/\/primomoto.es\/fr\/wp-json\/wp\/v2\/product_cat?post=61267"},{"taxonomy":"product_tag","embeddable":true,"href":"https:\/\/primomoto.es\/fr\/wp-json\/wp\/v2\/product_tag?post=61267"}],"curies":[{"name":"wp","href":"https:\/\/api.w.org\/{rel}","templated":true}]}}

<h2><strong>Motorcycle Jeans for Men &#8211; Bela Metro Denim Pant</strong></h2>
<p><strong>INFORMATION PRODUIT:</strong></p>
<p>The Metro Motorcycle Jeans is a part of the latest Bela Jeans Brand Collection. Metro Men’s jeans style is made of best Cotton and Elastane fabric. De plus, les renforts supplémentaires en tissu DuPont Aramid sont stratégiquement placés pour une excellente résistance à l&rsquo;abrasion sans compromettre le confort et l&rsquo;élasticité. Les protège-genoux et cuisses homologués CE « EN 1621-1:2012 » sont difficiles à repérer lors de la conduite / marche, mais offrent la meilleure protection en cas d&rsquo;accident malheureux pendant la conduite&#8230;</p>
<p><strong>Tissu extérieur :</strong></p>
<ul>
<li>Fabriqué en 98 % coton et 2 % élasthanne.</li>
<li>Couleur noire</li>
</ul>
<p><strong>Protections :</strong></p>
<ul>
<li>Protections amovibles aux genoux et aux cuisses avec certification CE EN 1621-1:2012.</li>
<li>Les genouillères sont réglables grâce à du velcro supplémentaire attaché en haut et en bas.</li>
<li>The Protection can be removed easily while simply opening the side knee zipper.</li>
</ul>
<p><strong>Confort:</strong></p>
<ul>
<li>Doublure intérieure en tissu DuPont Aramid, qui est placée à dessein pour offrir une excellente résistance à l&rsquo;abrasion et à la résistance.</li>
<li>Doublure intérieure en mesh 100% polyester pour une respirabilité et un confort accrus.</li>
<li>Best fit in regular cut.</li>
<li>Fermetures éclair YKK® (zone braguette et genoux)</li>
<li>Avec sac de protection supplémentaire.</li>
</ul>
