{"id":55482,"date":"2021-02-12T11:58:02","date_gmt":"2021-02-12T11:58:02","guid":{"rendered":"https:\/\/primomoto.es\/bela-cordaniel-blouson-moto-noir-gris-fonce\/"},"modified":"2022-12-01T10:04:48","modified_gmt":"2022-12-01T10:04:48","slug":"bela-cordaniel-blouson-moto-noir-gris","status":"publish","type":"product","link":"https:\/\/primomoto.es\/fr\/bela-cordaniel-blouson-moto-noir-gris\/","title":{"rendered":"Bela Cordaniel Moto Veste Noir\/Sombre Gris"},"content":{"rendered":"<h2><strong>Bela Cordaniel Blouson Moto Noir\/Gris fonc\u00e9\/fluor jaune<\/strong><\/h2>\n<p><strong>Informations techniques:<\/strong><\/p>\n<ul>\n<li>600D Polyester Outer-shell Construction<\/li>\n<li>Doublure int\u00e9rieure en maille douce<\/li>\n<li>Rembourrage homologu\u00e9 CE<\/li>\n<li>Doublure int\u00e9rieure amovible en polyester, avec poche int\u00e9rieure pour portable et documents.<\/li>\n<li>Tissu agr\u00e9able et doux au toucher sur le cou<\/li>\n<li>Deux poches pour r\u00e9chauffer les mains<\/li>\n<li>Remplissage de la zone des \u00e9paules et du poing<\/li>\n<li>Protecteurs sur les \u00e9paules, les coudes et le dos.<\/li>\n<li>Zones r\u00e9fl\u00e9chissantes pour une meilleure visibilit\u00e9 de nuit<\/li>\n<li>Poignet \u00e0 fermeture velcro<\/li>\n<\/ul>\n","protected":false},"excerpt":{"rendered":"<p>Bela Cordaniel Blouson Moto Noir\/Gris fonc\u00e9\/fluor jaune Informations techniques: 600D Polyester Outer-shell Construction Doublure int\u00e9rieure en maille douce Rembourrage homologu\u00e9<\/p>\n","protected":false},"featured_media":102678,"template":"","meta":[],"product_brand":[],"product_cat":[1932,1930,1929,1906],"product_tag":[2667,2669],"class_list":{"0":"post-55482","1":"product","2":"type-product","3":"status-publish","4":"has-post-thumbnail","6":"product_cat-blouson-textile-homme","7":"product_cat-hommes-vestes-moto","8":"product_cat-vestes-de-moto","9":"product_cat-vetements-de-moto","10":"product_tag-textile_veste","11":"product_tag-veste_homme","12":"pa_size-46-xs-fr","13":"pa_size-50-m-fr-2","14":"pa_size-52-l-fr","15":"pa_size-54-xl-fr","16":"pa_size-56-2xl-fr-2","17":"pa_size-58-3xl-fr","18":"pa_size-60-4xl-fr","19":"pa_size-62-5xl-fr","20":"pa_size-64-6xl-fr","22":"first","23":"outofstock","24":"sale","25":"taxable","26":"shipping-taxable","27":"purchasable","28":"product-type-variable","29":"has-default-attributes"},"_links":{"self":[{"href":"https:\/\/primomoto.es\/fr\/wp-json\/wp\/v2\/product\/55482","targetHints":{"allow":["GET"]}}],"collection":[{"href":"https:\/\/primomoto.es\/fr\/wp-json\/wp\/v2\/product"}],"about":[{"href":"https:\/\/primomoto.es\/fr\/wp-json\/wp\/v2\/types\/product"}],"wp:featuredmedia":[{"embeddable":true,"href":"https:\/\/primomoto.es\/fr\/wp-json\/wp\/v2\/media\/102678"}],"wp:attachment":[{"href":"https:\/\/primomoto.es\/fr\/wp-json\/wp\/v2\/media?parent=55482"}],"wp:term":[{"taxonomy":"product_brand","embeddable":true,"href":"https:\/\/primomoto.es\/fr\/wp-json\/wp\/v2\/product_brand?post=55482"},{"taxonomy":"product_cat","embeddable":true,"href":"https:\/\/primomoto.es\/fr\/wp-json\/wp\/v2\/product_cat?post=55482"},{"taxonomy":"product_tag","embeddable":true,"href":"https:\/\/primomoto.es\/fr\/wp-json\/wp\/v2\/product_tag?post=55482"}],"curies":[{"name":"wp","href":"https:\/\/api.w.org\/{rel}","templated":true}]}}

<h2><strong>Bela Cordaniel Blouson Moto Noir/Gris foncé/fluor jaune</strong></h2>
<p><strong>Informations techniques:</strong></p>
<ul>
<li>600D Polyester Outer-shell Construction</li>
<li>Doublure intérieure en maille douce</li>
<li>Rembourrage homologué CE</li>
<li>Doublure intérieure amovible en polyester, avec poche intérieure pour portable et documents.</li>
<li>Tissu agréable et doux au toucher sur le cou</li>
<li>Deux poches pour réchauffer les mains</li>
<li>Remplissage de la zone des épaules et du poing</li>
<li>Protecteurs sur les épaules, les coudes et le dos.</li>
<li>Zones réfléchissantes pour une meilleure visibilité de nuit</li>
<li>Poignet à fermeture velcro</li>
</ul>

<p>Bela Cordaniel Blouson Moto Noir/Gris foncé/fluor jaune Informations techniques: 600D Polyester Outer-shell Construction Doublure intérieure en maille douce Rembourrage homologué</p>
