{"id":55463,"date":"2021-02-12T13:28:46","date_gmt":"2021-02-12T13:28:46","guid":{"rendered":"https:\/\/primomoto.es\/bela-panther-veste-moto-homme-noir-gris-fonce\/"},"modified":"2022-12-01T10:45:15","modified_gmt":"2022-12-01T10:45:15","slug":"bela-panther-veste-moto-noir-gris-fonce","status":"publish","type":"product","link":"https:\/\/primomoto.es\/fr\/bela-panther-veste-moto-noir-gris-fonce\/","title":{"rendered":"Bela Panther Moto Veste Noir\/Sombre Gris"},"content":{"rendered":"<h2><strong><span style=\"vertical-align: inherit;\"><span style=\"vertical-align: inherit;\">Blouson Moto Textile Homme &#8211; Bela Panther Jacket<\/span><\/span><\/strong><\/h2>\n<p><strong><span style=\"vertical-align: inherit;\"><span style=\"vertical-align: inherit;\">La description:<\/span><\/span><\/strong><\/p>\n<ul>\n<li><span style=\"vertical-align: inherit;\"><span style=\"vertical-align: inherit;\">Coque ext\u00e9rieure : tissu polyester 600D<\/span><\/span><\/li>\n<li><span style=\"vertical-align: inherit;\"><span style=\"vertical-align: inherit;\">Protection externe des \u00e9paules en TPU avec logo Bela premium<\/span><\/span><\/li>\n<li><span style=\"vertical-align: inherit;\"><span style=\"vertical-align: inherit;\">Protection interne des \u00e9paules, des coudes et du dos ins\u00e9r\u00e9e<\/span><\/span><\/li>\n<li><span style=\"vertical-align: inherit;\"><span style=\"vertical-align: inherit;\">Armure dorsale avec coussin dorsal en mousse haute densit\u00e9<\/span><\/span><\/li>\n<li><span style=\"vertical-align: inherit;\"><span style=\"vertical-align: inherit;\">Doublure matelass\u00e9e fixe pour temps froid<\/span><\/span><\/li>\n<li><span style=\"vertical-align: inherit;\"><span style=\"vertical-align: inherit;\">Col sup\u00e9rieur en n\u00e9opr\u00e8ne pour plus de confort<\/span><\/span><\/li>\n<li><span style=\"vertical-align: inherit;\"><span style=\"vertical-align: inherit;\">Ajusteurs de bras et de taille pour un ajustement optimal<\/span><\/span><\/li>\n<li><span style=\"vertical-align: inherit;\"><span style=\"vertical-align: inherit;\">2 poches ext\u00e9rieures et 2 int\u00e9rieures<\/span><\/span><\/li>\n<li><span style=\"vertical-align: inherit;\"><span style=\"vertical-align: inherit;\">Zip de connexion \u00e0 la taille pour pantalon<\/span><\/span><\/li>\n<li><span style=\"vertical-align: inherit;\"><span style=\"vertical-align: inherit;\">Imprim\u00e9s r\u00e9fl\u00e9chissants pour une visibilit\u00e9 nocturne<\/span><\/span><\/li>\n<\/ul>\n","protected":false},"excerpt":{"rendered":"<p>Blouson Moto Textile Homme &#8211; Bela Panther Jacket La description: Coque ext\u00e9rieure : tissu polyester 600D Protection externe des \u00e9paules<\/p>\n","protected":false},"featured_media":29130,"template":"","meta":[],"product_brand":[],"product_cat":[1932,1930,1929,1906],"product_tag":[2668,2667],"class_list":{"0":"post-55463","1":"product","2":"type-product","3":"status-publish","4":"has-post-thumbnail","6":"product_cat-blouson-textile-homme","7":"product_cat-hommes-vestes-moto","8":"product_cat-vestes-de-moto","9":"product_cat-vetements-de-moto","10":"product_tag-chaqueta-de-los-hombres-fr","11":"product_tag-textile_veste","12":"pa_size-46-xs-fr","13":"pa_size-50-m-fr-2","14":"pa_size-52-l-fr","15":"pa_size-54-xl-fr","16":"pa_size-56-2xl-fr-2","17":"pa_size-58-3xl-fr","18":"pa_size-60-4xl-fr","19":"pa_size-62-5xl-fr","20":"pa_size-64-6xl-fr","22":"first","23":"outofstock","24":"sale","25":"taxable","26":"shipping-taxable","27":"purchasable","28":"product-type-variable","29":"has-default-attributes"},"_links":{"self":[{"href":"https:\/\/primomoto.es\/fr\/wp-json\/wp\/v2\/product\/55463","targetHints":{"allow":["GET"]}}],"collection":[{"href":"https:\/\/primomoto.es\/fr\/wp-json\/wp\/v2\/product"}],"about":[{"href":"https:\/\/primomoto.es\/fr\/wp-json\/wp\/v2\/types\/product"}],"wp:featuredmedia":[{"embeddable":true,"href":"https:\/\/primomoto.es\/fr\/wp-json\/wp\/v2\/media\/29130"}],"wp:attachment":[{"href":"https:\/\/primomoto.es\/fr\/wp-json\/wp\/v2\/media?parent=55463"}],"wp:term":[{"taxonomy":"product_brand","embeddable":true,"href":"https:\/\/primomoto.es\/fr\/wp-json\/wp\/v2\/product_brand?post=55463"},{"taxonomy":"product_cat","embeddable":true,"href":"https:\/\/primomoto.es\/fr\/wp-json\/wp\/v2\/product_cat?post=55463"},{"taxonomy":"product_tag","embeddable":true,"href":"https:\/\/primomoto.es\/fr\/wp-json\/wp\/v2\/product_tag?post=55463"}],"curies":[{"name":"wp","href":"https:\/\/api.w.org\/{rel}","templated":true}]}}

<h2><strong><span style="vertical-align: inherit;"><span style="vertical-align: inherit;">Blouson Moto Textile Homme &#8211; Bela Panther Jacket</span></span></strong></h2>
<p><strong><span style="vertical-align: inherit;"><span style="vertical-align: inherit;">La description:</span></span></strong></p>
<ul>
<li><span style="vertical-align: inherit;"><span style="vertical-align: inherit;">Coque extérieure : tissu polyester 600D</span></span></li>
<li><span style="vertical-align: inherit;"><span style="vertical-align: inherit;">Protection externe des épaules en TPU avec logo Bela premium</span></span></li>
<li><span style="vertical-align: inherit;"><span style="vertical-align: inherit;">Protection interne des épaules, des coudes et du dos insérée</span></span></li>
<li><span style="vertical-align: inherit;"><span style="vertical-align: inherit;">Armure dorsale avec coussin dorsal en mousse haute densité</span></span></li>
<li><span style="vertical-align: inherit;"><span style="vertical-align: inherit;">Doublure matelassée fixe pour temps froid</span></span></li>
<li><span style="vertical-align: inherit;"><span style="vertical-align: inherit;">Col supérieur en néoprène pour plus de confort</span></span></li>
<li><span style="vertical-align: inherit;"><span style="vertical-align: inherit;">Ajusteurs de bras et de taille pour un ajustement optimal</span></span></li>
<li><span style="vertical-align: inherit;"><span style="vertical-align: inherit;">2 poches extérieures et 2 intérieures</span></span></li>
<li><span style="vertical-align: inherit;"><span style="vertical-align: inherit;">Zip de connexion à la taille pour pantalon</span></span></li>
<li><span style="vertical-align: inherit;"><span style="vertical-align: inherit;">Imprimés réfléchissants pour une visibilité nocturne</span></span></li>
</ul>

<p>Blouson Moto Textile Homme &#8211; Bela Panther Jacket La description: Coque extérieure : tissu polyester 600D Protection externe des épaules</p>
