{"id":293653,"date":"2025-07-04T16:05:31","date_gmt":"2025-07-04T16:05:31","guid":{"rendered":"https:\/\/primomoto.es\/foura-revo-dame-moto-textile-veste-noir-rose\/"},"modified":"2025-07-07T08:24:04","modified_gmt":"2025-07-07T08:24:04","slug":"foura-revo-dame-moto-textile-veste-noir-rose","status":"publish","type":"product","link":"https:\/\/primomoto.es\/fr\/foura-revo-dame-moto-textile-veste-noir-rose\/","title":{"rendered":"Foura Revo Dame Moto Textile Veste Noir\/Rose"},"content":{"rendered":"<p><span style=\"color: #ff0000;\"><strong>Remarque : les commandes sont exp\u00e9di\u00e9es dans un d\u00e9lai de 10 \u00e0 15 jours ouvrables \u00e0 compter de la date d&rsquo;achat !<\/strong><\/span><\/p>\n<h2 dir=\"auto\"><strong>Foura Revo Veste courte de moto en textile Touring.<\/strong><\/h2>\n<div dir=\"auto\">Rendez votre trajet de la mani\u00e8re la plus confortable avec une protection homologu\u00e9e CE avec ce Foura Revo<\/div>\n<div dir=\"auto\">moto textile veste. Il est dot\u00e9 d&rsquo;une doublure matelass\u00e9e amovible pour l&rsquo;hiver et en \u00e9t\u00e9, vous la retirez.<\/div>\n<div dir=\"auto\">protection avec r\u00e9flecteurs pour une meilleure visibilit\u00e9 nocturne. Foura Revo<\/div>\n<div dir=\"auto\">La veste pour homme est disponible en diff\u00e9rentes couleurs.<\/div>\n<div dir=\"auto\"><\/div>\n<h3 dir=\"auto\"><strong>Informations techniques:<\/strong><\/h3>\n<div dir=\"auto\"><\/div>\n<ul>\n<li dir=\"auto\">Coque ext\u00e9rieure : Cordura 600D.<\/li>\n<li dir=\"auto\">Doublure int\u00e9rieure en maille douce<\/li>\n<li dir=\"auto\">Doublure thermique matelass\u00e9e amovible pour rester au chaud.<\/li>\n<li dir=\"auto\">Pochette sp\u00e9ciale pour mobile et document sur couche thermique.<\/li>\n<li dir=\"auto\">Col en n\u00e9opr\u00e8ne souple avec Taslon doux \u00e0 l&rsquo;int\u00e9rieur.<\/li>\n<li dir=\"auto\">Deux poches imperm\u00e9ables \u00e0 la taille.<\/li>\n<li dir=\"auto\">Protections homologu\u00e9es CE sur les \u00e9paules, les coudes et le dos.<\/li>\n<li dir=\"auto\">Zones r\u00e9fl\u00e9chissantes sur le bras, le devant et le dos pour une meilleure visibilit\u00e9 nocturne<\/li>\n<li dir=\"auto\">Quatre logos r\u00e9fl\u00e9chissants sur le devant et le dos.<\/li>\n<li dir=\"auto\">Fermeture \u00e9clair de connexion YKK pour se connecter au pantalon.<\/li>\n<li dir=\"auto\">Poignet \u00e0 fermeture zipp\u00e9e<\/li>\n<\/ul>\n<p>&nbsp;<\/p>\n","protected":false},"excerpt":{"rendered":"<p>Remarque : les commandes sont exp\u00e9di\u00e9es dans un d\u00e9lai de 10 \u00e0 15 jours ouvrables \u00e0 compter de la date<\/p>\n","protected":false},"featured_media":301356,"template":"","meta":[],"product_brand":[],"product_cat":[1935,1933,1929,1906],"product_tag":[4631,3887,3912,3911,4932],"class_list":{"0":"post-293653","1":"product","2":"type-product","3":"status-publish","4":"has-post-thumbnail","6":"product_cat-blouson-textile-femme","7":"product_cat-blousons-moto-femme","8":"product_cat-vestes-de-moto","9":"product_cat-vetements-de-moto","10":"product_tag-blouson-moto-touring","11":"product_tag-veste-de-moto","12":"product_tag-veste-de-moto-dames","13":"product_tag-veste-touring-femme","14":"product_tag-vestes","15":"pa_size-34-2xs-fr","16":"pa_size-36-xs-fr","17":"pa_size-38-s-fr","18":"pa_size-40-m-fr","19":"pa_size-42-l-fr","20":"pa_size-44-xl-fr","21":"pa_size-46-2xl-fr","22":"pa_size-48-3xl-fr","23":"pa_size-50-4xl-fr","25":"first","26":"instock","27":"sale","28":"taxable","29":"shipping-taxable","30":"purchasable","31":"product-type-variable","32":"has-default-attributes"},"_links":{"self":[{"href":"https:\/\/primomoto.es\/fr\/wp-json\/wp\/v2\/product\/293653","targetHints":{"allow":["GET"]}}],"collection":[{"href":"https:\/\/primomoto.es\/fr\/wp-json\/wp\/v2\/product"}],"about":[{"href":"https:\/\/primomoto.es\/fr\/wp-json\/wp\/v2\/types\/product"}],"wp:featuredmedia":[{"embeddable":true,"href":"https:\/\/primomoto.es\/fr\/wp-json\/wp\/v2\/media\/301356"}],"wp:attachment":[{"href":"https:\/\/primomoto.es\/fr\/wp-json\/wp\/v2\/media?parent=293653"}],"wp:term":[{"taxonomy":"product_brand","embeddable":true,"href":"https:\/\/primomoto.es\/fr\/wp-json\/wp\/v2\/product_brand?post=293653"},{"taxonomy":"product_cat","embeddable":true,"href":"https:\/\/primomoto.es\/fr\/wp-json\/wp\/v2\/product_cat?post=293653"},{"taxonomy":"product_tag","embeddable":true,"href":"https:\/\/primomoto.es\/fr\/wp-json\/wp\/v2\/product_tag?post=293653"}],"curies":[{"name":"wp","href":"https:\/\/api.w.org\/{rel}","templated":true}]}}

<p><span style="color: #ff0000;"><strong>Remarque : les commandes sont expédiées dans un délai de 10 à 15 jours ouvrables à compter de la date d&rsquo;achat !</strong></span></p>
<h2 dir="auto"><strong>Foura Revo Veste courte de moto en textile Touring.</strong></h2>
<div dir="auto">Rendez votre trajet de la manière la plus confortable avec une protection homologuée CE avec ce Foura Revo</div>
<div dir="auto">moto textile veste. Il est doté d&rsquo;une doublure matelassée amovible pour l&rsquo;hiver et en été, vous la retirez.</div>
<div dir="auto">protection avec réflecteurs pour une meilleure visibilité nocturne. Foura Revo</div>
<div dir="auto">La veste pour homme est disponible en différentes couleurs.</div>
<div dir="auto"></div>
<h3 dir="auto"><strong>Informations techniques:</strong></h3>
<div dir="auto"></div>
<ul>
<li dir="auto">Coque extérieure : Cordura 600D.</li>
<li dir="auto">Doublure intérieure en maille douce</li>
<li dir="auto">Doublure thermique matelassée amovible pour rester au chaud.</li>
<li dir="auto">Pochette spéciale pour mobile et document sur couche thermique.</li>
<li dir="auto">Col en néoprène souple avec Taslon doux à l&rsquo;intérieur.</li>
<li dir="auto">Deux poches imperméables à la taille.</li>
<li dir="auto">Protections homologuées CE sur les épaules, les coudes et le dos.</li>
<li dir="auto">Zones réfléchissantes sur le bras, le devant et le dos pour une meilleure visibilité nocturne</li>
<li dir="auto">Quatre logos réfléchissants sur le devant et le dos.</li>
<li dir="auto">Fermeture éclair de connexion YKK pour se connecter au pantalon.</li>
<li dir="auto">Poignet à fermeture zippée</li>
</ul>
<p>&nbsp;</p>

<p>Remarque : les commandes sont expédiées dans un délai de 10 à 15 jours ouvrables à compter de la date</p>
