{"id":293460,"date":"2025-07-04T14:43:35","date_gmt":"2025-07-04T14:43:35","guid":{"rendered":"https:\/\/primomoto.es\/foura-revo-moto-textile-veste-noir-gris\/"},"modified":"2025-07-07T08:57:44","modified_gmt":"2025-07-07T08:57:44","slug":"foura-revo-moto-textile-veste-noir-gris","status":"publish","type":"product","link":"https:\/\/primomoto.es\/fr\/foura-revo-moto-textile-veste-noir-gris\/","title":{"rendered":"Foura Revo Moto Textile Veste Noir\/Gris"},"content":{"rendered":"<p><span style=\"color: #ff0000;\"><strong>Remarque : les commandes sont exp\u00e9di\u00e9es dans un d\u00e9lai de 10 \u00e0 15 jours ouvrables \u00e0 compter de la date d&rsquo;achat !<\/strong><\/span><\/p>\n<h2 dir=\"auto\"><strong>Foura Revo Veste courte de moto en textile Touring.<\/strong><\/h2>\n<div dir=\"auto\">Rendez votre trajet de la mani\u00e8re la plus confortable avec une protection homologu\u00e9e CE avec ce Foura Revo<\/div>\n<div dir=\"auto\">Veste de moto textile. Doublure matelass\u00e9e amovible pour l&rsquo;hiver et amovible pour l&rsquo;\u00e9t\u00e9.<\/div>\n<div dir=\"auto\">Protection avec r\u00e9flecteurs pour une meilleure visibilit\u00e9 nocturne. Foura Revo<\/div>\n<div dir=\"auto\">La veste pour homme est disponible en diff\u00e9rentes couleurs.<\/div>\n<div dir=\"auto\"><\/div>\n<h3 dir=\"auto\"><strong>Informations techniques:<\/strong><\/h3>\n<div dir=\"auto\"><\/div>\n<ul>\n<li dir=\"auto\">Coque ext\u00e9rieure : Cordura 600D.<\/li>\n<li dir=\"auto\">Doublure int\u00e9rieure en maille douce<\/li>\n<li dir=\"auto\">Doublure thermique matelass\u00e9e amovible pour rester au chaud.<\/li>\n<li dir=\"auto\">Pochette sp\u00e9ciale pour mobile et document sur couche thermique.<\/li>\n<li dir=\"auto\">Col en n\u00e9opr\u00e8ne souple avec Taslon doux \u00e0 l&rsquo;int\u00e9rieur.<\/li>\n<li dir=\"auto\">Deux poches imperm\u00e9ables \u00e0 la taille.<\/li>\n<li dir=\"auto\">Protections homologu\u00e9es CE sur les \u00e9paules, les coudes et le dos.<\/li>\n<li dir=\"auto\">Zones r\u00e9fl\u00e9chissantes sur le bras, le devant et le dos pour une meilleure visibilit\u00e9 nocturne<\/li>\n<li dir=\"auto\">Quatre logos r\u00e9fl\u00e9chissants sur le devant et le dos.<\/li>\n<li dir=\"auto\">Fermeture \u00e9clair de connexion YKK pour se connecter au pantalon.<\/li>\n<li dir=\"auto\">Poignet \u00e0 fermeture zipp\u00e9e<\/li>\n<\/ul>\n<p>&nbsp;<\/p>\n","protected":false},"excerpt":{"rendered":"<p>Remarque : les commandes sont exp\u00e9di\u00e9es dans un d\u00e9lai de 10 \u00e0 15 jours ouvrables \u00e0 compter de la date<\/p>\n","protected":false},"featured_media":301384,"template":"","meta":[],"product_brand":[],"product_cat":[1932,1930,1929,1906],"product_tag":[4631,3113,2630,4749,3727,4932],"class_list":{"0":"post-293460","1":"product","2":"type-product","3":"status-publish","4":"has-post-thumbnail","6":"product_cat-blouson-textile-homme","7":"product_cat-hommes-vestes-moto","8":"product_cat-vestes-de-moto","9":"product_cat-vetements-de-moto","10":"product_tag-blouson-moto-touring","11":"product_tag-chaqueta-de-moto","12":"product_tag-chaqueta-de-turismo-fr","13":"product_tag-textile-vestes","14":"product_tag-veste-moto-homme","15":"product_tag-vestes","16":"pa_size-44-xxs-fr","17":"pa_size-46-xs-fr","18":"pa_size-48-s-fr","19":"pa_size-50-m-fr-2","20":"pa_size-52-l-fr","21":"pa_size-54-xl-fr","22":"pa_size-56-2xl-fr-2","23":"pa_size-58-3xl-fr","24":"pa_size-60-4xl-fr","25":"pa_size-62-5xl-fr","26":"pa_size-64-6xl-fr","27":"pa_size-66-7xl-fr","28":"pa_size-68-8xl-fr","30":"first","31":"instock","32":"sale","33":"taxable","34":"shipping-taxable","35":"purchasable","36":"product-type-variable","37":"has-default-attributes"},"_links":{"self":[{"href":"https:\/\/primomoto.es\/fr\/wp-json\/wp\/v2\/product\/293460","targetHints":{"allow":["GET"]}}],"collection":[{"href":"https:\/\/primomoto.es\/fr\/wp-json\/wp\/v2\/product"}],"about":[{"href":"https:\/\/primomoto.es\/fr\/wp-json\/wp\/v2\/types\/product"}],"wp:featuredmedia":[{"embeddable":true,"href":"https:\/\/primomoto.es\/fr\/wp-json\/wp\/v2\/media\/301384"}],"wp:attachment":[{"href":"https:\/\/primomoto.es\/fr\/wp-json\/wp\/v2\/media?parent=293460"}],"wp:term":[{"taxonomy":"product_brand","embeddable":true,"href":"https:\/\/primomoto.es\/fr\/wp-json\/wp\/v2\/product_brand?post=293460"},{"taxonomy":"product_cat","embeddable":true,"href":"https:\/\/primomoto.es\/fr\/wp-json\/wp\/v2\/product_cat?post=293460"},{"taxonomy":"product_tag","embeddable":true,"href":"https:\/\/primomoto.es\/fr\/wp-json\/wp\/v2\/product_tag?post=293460"}],"curies":[{"name":"wp","href":"https:\/\/api.w.org\/{rel}","templated":true}]}}

<p><span style="color: #ff0000;"><strong>Remarque : les commandes sont expédiées dans un délai de 10 à 15 jours ouvrables à compter de la date d&rsquo;achat !</strong></span></p>
<h2 dir="auto"><strong>Foura Revo Veste courte de moto en textile Touring.</strong></h2>
<div dir="auto">Rendez votre trajet de la manière la plus confortable avec une protection homologuée CE avec ce Foura Revo</div>
<div dir="auto">Veste de moto textile. Doublure matelassée amovible pour l&rsquo;hiver et amovible pour l&rsquo;été.</div>
<div dir="auto">Protection avec réflecteurs pour une meilleure visibilité nocturne. Foura Revo</div>
<div dir="auto">La veste pour homme est disponible en différentes couleurs.</div>
<div dir="auto"></div>
<h3 dir="auto"><strong>Informations techniques:</strong></h3>
<div dir="auto"></div>
<ul>
<li dir="auto">Coque extérieure : Cordura 600D.</li>
<li dir="auto">Doublure intérieure en maille douce</li>
<li dir="auto">Doublure thermique matelassée amovible pour rester au chaud.</li>
<li dir="auto">Pochette spéciale pour mobile et document sur couche thermique.</li>
<li dir="auto">Col en néoprène souple avec Taslon doux à l&rsquo;intérieur.</li>
<li dir="auto">Deux poches imperméables à la taille.</li>
<li dir="auto">Protections homologuées CE sur les épaules, les coudes et le dos.</li>
<li dir="auto">Zones réfléchissantes sur le bras, le devant et le dos pour une meilleure visibilité nocturne</li>
<li dir="auto">Quatre logos réfléchissants sur le devant et le dos.</li>
<li dir="auto">Fermeture éclair de connexion YKK pour se connecter au pantalon.</li>
<li dir="auto">Poignet à fermeture zippée</li>
</ul>
<p>&nbsp;</p>

<p>Remarque : les commandes sont expédiées dans un délai de 10 à 15 jours ouvrables à compter de la date</p>
