{"id":140540,"date":"2022-10-13T06:17:50","date_gmt":"2022-10-13T06:36:05","guid":{"rendered":"https:\/\/primomoto.es\/bela-biker-moto-textile-sac-noir\/"},"modified":"2023-06-07T10:01:58","modified_gmt":"2023-06-07T10:01:58","slug":"bela-biker-moto-sac-textile-noir","status":"publish","type":"product","link":"https:\/\/primomoto.es\/fr\/bela-biker-moto-sac-textile-noir\/","title":{"rendered":"Bela Biker Moto Textile Sac Noir"},"content":{"rendered":"<h2><strong>Bela Biker sacoche lat\u00e9rale<\/strong><\/h2>\n<p>Le sac lat\u00e9ral Bela Biker est une solution ing\u00e9nieuse pour un acc\u00e8s facile aux cl\u00e9s, \u00e0 la carte d&rsquo;identit\u00e9, aux cartes de cr\u00e9dit, au t\u00e9l\u00e9phone portable et \u00e0 d&rsquo;autres petits objets essentiels sur et hors du v\u00e9lo. Le sac lat\u00e9ral Bela Biker est une solution ing\u00e9nieuse pour un acc\u00e8s facile aux cl\u00e9s, \u00e0 la carte d&rsquo;identit\u00e9, aux cartes de cr\u00e9dit, au t\u00e9l\u00e9phone portable et \u00e0 d&rsquo;autres petits objets essentiels sur et hors du v\u00e9lo.<\/p>\n<p><strong>Caract\u00e9ristique:<\/strong><\/p>\n<ul>\n<li>Construction en tissu poly\u00e9thyl\u00e8ne robuste pour plus de durabilit\u00e9<\/li>\n<li>Boucle de ceinture \u00e0 pression pour un ajustement s\u00fbr<\/li>\n<li>Sangle Velcro\u00ae r\u00e9glable pour un ajustement optimis\u00e9<\/li>\n<li>Poche \u00e9tanche avec rabat Velcro\u00ae pour ranger vos objets de valeur en toute s\u00e9curit\u00e9<\/li>\n<li>Compartiment principal zipp\u00e9 avec organiseur int\u00e9rieur pour un rangement rapide et facile des objets<\/li>\n<\/ul>\n","protected":false},"excerpt":{"rendered":"<p>Bela Biker sacoche lat\u00e9rale Le sac lat\u00e9ral Bela Biker est une solution ing\u00e9nieuse pour un acc\u00e8s facile aux cl\u00e9s, \u00e0<\/p>\n","protected":false},"featured_media":140521,"template":"","meta":[],"product_brand":[],"product_cat":[1963,3565],"product_tag":[3843,4203],"class_list":{"0":"post-140540","1":"product","2":"type-product","3":"status-publish","4":"has-post-thumbnail","6":"product_cat-accessoires-moto","7":"product_cat-sacs-de-moto","8":"product_tag-sac-de-moto","9":"product_tag-sac-moto-textile","10":"pa_size-universel","12":"first","13":"outofstock","14":"sale","15":"taxable","16":"shipping-taxable","17":"purchasable","18":"product-type-variable","19":"has-default-attributes"},"_links":{"self":[{"href":"https:\/\/primomoto.es\/fr\/wp-json\/wp\/v2\/product\/140540","targetHints":{"allow":["GET"]}}],"collection":[{"href":"https:\/\/primomoto.es\/fr\/wp-json\/wp\/v2\/product"}],"about":[{"href":"https:\/\/primomoto.es\/fr\/wp-json\/wp\/v2\/types\/product"}],"wp:featuredmedia":[{"embeddable":true,"href":"https:\/\/primomoto.es\/fr\/wp-json\/wp\/v2\/media\/140521"}],"wp:attachment":[{"href":"https:\/\/primomoto.es\/fr\/wp-json\/wp\/v2\/media?parent=140540"}],"wp:term":[{"taxonomy":"product_brand","embeddable":true,"href":"https:\/\/primomoto.es\/fr\/wp-json\/wp\/v2\/product_brand?post=140540"},{"taxonomy":"product_cat","embeddable":true,"href":"https:\/\/primomoto.es\/fr\/wp-json\/wp\/v2\/product_cat?post=140540"},{"taxonomy":"product_tag","embeddable":true,"href":"https:\/\/primomoto.es\/fr\/wp-json\/wp\/v2\/product_tag?post=140540"}],"curies":[{"name":"wp","href":"https:\/\/api.w.org\/{rel}","templated":true}]}}

<h2><strong>Bela Biker sacoche latérale</strong></h2>
<p>Le sac latéral Bela Biker est une solution ingénieuse pour un accès facile aux clés, à la carte d&rsquo;identité, aux cartes de crédit, au téléphone portable et à d&rsquo;autres petits objets essentiels sur et hors du vélo. Le sac latéral Bela Biker est une solution ingénieuse pour un accès facile aux clés, à la carte d&rsquo;identité, aux cartes de crédit, au téléphone portable et à d&rsquo;autres petits objets essentiels sur et hors du vélo.</p>
<p><strong>Caractéristique:</strong></p>
<ul>
<li>Construction en tissu polyéthylène robuste pour plus de durabilité</li>
<li>Boucle de ceinture à pression pour un ajustement sûr</li>
<li>Sangle Velcro® réglable pour un ajustement optimisé</li>
<li>Poche étanche avec rabat Velcro® pour ranger vos objets de valeur en toute sécurité</li>
<li>Compartiment principal zippé avec organiseur intérieur pour un rangement rapide et facile des objets</li>
</ul>

<p>Bela Biker sacoche latérale Le sac latéral Bela Biker est une solution ingénieuse pour un accès facile aux clés, à</p>
