{"id":140219,"date":"2022-10-06T08:59:26","date_gmt":"2022-10-06T09:14:57","guid":{"rendered":"https:\/\/primomoto.es\/r-tech-falcon-ete-textile-gant-noir-rouge\/"},"modified":"2023-03-30T11:38:54","modified_gmt":"2023-03-30T11:38:54","slug":"r-tech-falcon-summer-textile-gant-noir-rouge","status":"publish","type":"product","link":"https:\/\/primomoto.es\/fr\/r-tech-falcon-summer-textile-gant-noir-rouge\/","title":{"rendered":"R-TECH Falcon \u00c9t\u00e9 Textile Gant Noir\/Rouge"},"content":{"rendered":"<p><strong>La description<br \/>\n<\/strong><\/p>\n<ul>\n<li>Gants mixtes cuir et textile.<\/li>\n<li>Cuir v\u00e9ritable utilis\u00e9 dans les zones \u00e0 haut risque d&rsquo;impact.<\/li>\n<li>Construction en tissu polyester doux pour un ajustement confortable et une ventilation de l&rsquo;air.<\/li>\n<li>Doublure int\u00e9rieure en polyester doux.<\/li>\n<li>Garniture en cuir v\u00e9ritable<\/li>\n<li>Protecteur en TPU pour la protection des articulations.<\/li>\n<li>Protection de l&rsquo;air pour la s\u00e9curit\u00e9 de la paume et des doigts.<\/li>\n<li>Renfort Clarino pour la s\u00e9curit\u00e9 de la paume.<\/li>\n<li>Forme incurv\u00e9e pour un ajustement confortable.<\/li>\n<li>panneaux extensibles pour<\/li>\n<li>Fermeture velcro ajustable au poignet pour plus de confort et d&rsquo;adh\u00e9rence au poignet.<\/li>\n<\/ul>\n","protected":false},"excerpt":{"rendered":"<p>La description Gants mixtes cuir et textile. Cuir v\u00e9ritable utilis\u00e9 dans les zones \u00e0 haut risque d&rsquo;impact. Construction en tissu<\/p>\n","protected":false},"featured_media":140191,"template":"","meta":[],"product_brand":[],"product_cat":[1936,1940,1937,3257,1906],"product_tag":[],"class_list":{"0":"post-140219","1":"product","2":"type-product","3":"status-publish","4":"has-post-thumbnail","6":"product_cat-gants-de-moto","7":"product_cat-gants-textile-hommes","8":"product_cat-hommes-gants-de-moto","9":"product_cat-tournee","10":"product_cat-vetements-de-moto","11":"pa_size-2xl-fr","12":"pa_size-l-fr","13":"pa_size-m-fr","14":"pa_size-s-fr","15":"pa_size-xl-fr","17":"first","18":"outofstock","19":"sale","20":"taxable","21":"shipping-taxable","22":"purchasable","23":"product-type-variable","24":"has-default-attributes"},"_links":{"self":[{"href":"https:\/\/primomoto.es\/fr\/wp-json\/wp\/v2\/product\/140219","targetHints":{"allow":["GET"]}}],"collection":[{"href":"https:\/\/primomoto.es\/fr\/wp-json\/wp\/v2\/product"}],"about":[{"href":"https:\/\/primomoto.es\/fr\/wp-json\/wp\/v2\/types\/product"}],"wp:featuredmedia":[{"embeddable":true,"href":"https:\/\/primomoto.es\/fr\/wp-json\/wp\/v2\/media\/140191"}],"wp:attachment":[{"href":"https:\/\/primomoto.es\/fr\/wp-json\/wp\/v2\/media?parent=140219"}],"wp:term":[{"taxonomy":"product_brand","embeddable":true,"href":"https:\/\/primomoto.es\/fr\/wp-json\/wp\/v2\/product_brand?post=140219"},{"taxonomy":"product_cat","embeddable":true,"href":"https:\/\/primomoto.es\/fr\/wp-json\/wp\/v2\/product_cat?post=140219"},{"taxonomy":"product_tag","embeddable":true,"href":"https:\/\/primomoto.es\/fr\/wp-json\/wp\/v2\/product_tag?post=140219"}],"curies":[{"name":"wp","href":"https:\/\/api.w.org\/{rel}","templated":true}]}}

R-TECH Falcon Été Textile Gant Noir/Rouge

<p><strong>La description<br />
</strong></p>
<ul>
<li>Gants mixtes cuir et textile.</li>
<li>Cuir véritable utilisé dans les zones à haut risque d&rsquo;impact.</li>
<li>Construction en tissu polyester doux pour un ajustement confortable et une ventilation de l&rsquo;air.</li>
<li>Doublure intérieure en polyester doux.</li>
<li>Garniture en cuir véritable</li>
<li>Protecteur en TPU pour la protection des articulations.</li>
<li>Protection de l&rsquo;air pour la sécurité de la paume et des doigts.</li>
<li>Renfort Clarino pour la sécurité de la paume.</li>
<li>Forme incurvée pour un ajustement confortable.</li>
<li>panneaux extensibles pour</li>
<li>Fermeture velcro ajustable au poignet pour plus de confort et d&rsquo;adhérence au poignet.</li>
</ul>

<p>La description Gants mixtes cuir et textile. Cuir véritable utilisé dans les zones à haut risque d&rsquo;impact. Construction en tissu</p>
