{"id":118369,"date":"2022-06-15T12:36:36","date_gmt":"2022-06-15T12:42:02","guid":{"rendered":"https:\/\/primomoto.es\/bela-rio-hommes-jeans-noir\/"},"modified":"2022-06-15T12:42:02","modified_gmt":"2022-06-15T12:42:02","slug":"bela-rio-homme-denim-jeans-noir","status":"publish","type":"product","link":"https:\/\/primomoto.es\/fr\/bela-rio-homme-denim-jeans-noir\/","title":{"rendered":"Bela Rio Hommes Jeans Noir"},"content":{"rendered":"<h2>\n            <strong><br \/>\n              <span>Jeans Moto Homme Bela Rio &#8211; Noir<\/span><br \/>\n            <\/strong><br \/>\n          <\/h2>\n<p>          <strong><br \/>\n            <span>Information produit:<\/span><br \/>\n          <\/strong><\/p>\n<p>          <span>Le jean moto pour homme &lsquo;Rio&rsquo; fait partie de la derni\u00e8re collection sans couture de la marque de jeans Bela. Le style de jean Rio pour homme est fabriqu\u00e9 \u00e0 partir des meilleurs tissus de coton et d&rsquo;\u00e9lasthanne. De plus, des renforts suppl\u00e9mentaires en tissu aramide DuPont strat\u00e9giquement plac\u00e9s pour une excellente r\u00e9sistance \u00e0 l&rsquo;abrasion sans compromettre le confort et l&rsquo;\u00e9tirement. Les protections de genoux et de cuisses homologu\u00e9es CE \u00ab\u00a0EN 1621-1:2012\u00a0\u00bb sont difficiles \u00e0 rep\u00e9rer lors de la conduite\/de la marche, mais offrent la meilleure protection en cas d&rsquo;accident malheureux lors de la conduite.<\/span><\/p>\n<p>          <strong><br \/>\n            <span>tissu ext\u00e9rieur :<\/span><br \/>\n          <\/strong><\/p>\n<ul>\n<li><span>Denim extensible 11 oz<\/span><\/li>\n<li><span>Fabriqu\u00e9 en 98% coton et 2% \u00e9lasthanne.<\/span><\/li>\n<li><span>Noir<\/span><\/li>\n<\/ul>\n<p>          <strong><br \/>\n            <span>Protections :<\/span><br \/>\n          <\/strong><\/p>\n<ul>\n<li><span>Protections amovibles aux genoux et aux cuisses avec certification CE EN 1621-1 : 2012.<\/span><\/li>\n<li><span>Les genouill\u00e8res sont r\u00e9glables gr\u00e2ce \u00e0 un velcro suppl\u00e9mentaire en haut et en bas.<\/span><\/li>\n<li><span>La protection peut \u00eatre facilement retir\u00e9e en ouvrant simplement les fermetures \u00e9clair lat\u00e9rales au niveau des genoux.<\/span><\/li>\n<\/ul>\n<p>          <strong><br \/>\n            <span>Confort:<\/span><br \/>\n          <\/strong><\/p>\n<ul>\n<li><span>Doublure int\u00e9rieure en tissu DuPont Aramid, qui est plac\u00e9e \u00e0 dessein pour offrir une excellente r\u00e9sistance \u00e0 l&rsquo;abrasion.<\/span><\/li>\n<li><span>Doublure int\u00e9rieure en mesh 100% polyester pour la respirabilit\u00e9 et le confort.<\/span><\/li>\n<li><span>Mieux s&rsquo;adapter en coupe r\u00e9guli\u00e8re.<\/span><\/li>\n<li><span>Fermetures \u00e0 glissi\u00e8re YKK\u00ae (zone braguette et genoux)<\/span><\/li>\n<li><span>Avec sac de protection suppl\u00e9mentaire.<\/span><\/li>\n<\/ul>\n","protected":false},"excerpt":{"rendered":"<p>Jeans Moto Homme Bela Rio &#8211; Noir Information produit: Le jean moto pour homme &lsquo;Rio&rsquo; fait partie de la derni\u00e8re<\/p>\n","protected":false},"featured_media":118356,"template":"","meta":[],"product_brand":[],"product_cat":[1980,1974,1981,3262,3257,1906],"product_tag":[3785,4211,3761],"class_list":{"0":"post-118369","1":"product","2":"type-product","3":"status-publish","4":"has-post-thumbnail","6":"product_cat-hombres","7":"product_cat-jean-moto","8":"product_cat-jeans-fr-2","9":"product_cat-rue","10":"product_cat-tournee","11":"product_cat-vetements-de-moto","12":"product_tag-jean-denim-homme","13":"product_tag-jean-noir","14":"product_tag-jeans","15":"pa_size-30-fr","16":"pa_size-32-fr","17":"pa_size-34-fr","18":"pa_size-36-fr","19":"pa_size-38-fr","20":"pa_size-40-fr","21":"pa_size-42-fr","23":"first","24":"instock","25":"sale","26":"taxable","27":"shipping-taxable","28":"purchasable","29":"product-type-variable","30":"has-default-attributes"},"_links":{"self":[{"href":"https:\/\/primomoto.es\/fr\/wp-json\/wp\/v2\/product\/118369","targetHints":{"allow":["GET"]}}],"collection":[{"href":"https:\/\/primomoto.es\/fr\/wp-json\/wp\/v2\/product"}],"about":[{"href":"https:\/\/primomoto.es\/fr\/wp-json\/wp\/v2\/types\/product"}],"wp:featuredmedia":[{"embeddable":true,"href":"https:\/\/primomoto.es\/fr\/wp-json\/wp\/v2\/media\/118356"}],"wp:attachment":[{"href":"https:\/\/primomoto.es\/fr\/wp-json\/wp\/v2\/media?parent=118369"}],"wp:term":[{"taxonomy":"product_brand","embeddable":true,"href":"https:\/\/primomoto.es\/fr\/wp-json\/wp\/v2\/product_brand?post=118369"},{"taxonomy":"product_cat","embeddable":true,"href":"https:\/\/primomoto.es\/fr\/wp-json\/wp\/v2\/product_cat?post=118369"},{"taxonomy":"product_tag","embeddable":true,"href":"https:\/\/primomoto.es\/fr\/wp-json\/wp\/v2\/product_tag?post=118369"}],"curies":[{"name":"wp","href":"https:\/\/api.w.org\/{rel}","templated":true}]}}

<h2>
            <strong><br />
              <span>Jeans Moto Homme Bela Rio &#8211; Noir</span><br />
            </strong><br />
          </h2>
<p>          <strong><br />
            <span>Information produit:</span><br />
          </strong></p>
<p>          <span>Le jean moto pour homme &lsquo;Rio&rsquo; fait partie de la dernière collection sans couture de la marque de jeans Bela. Le style de jean Rio pour homme est fabriqué à partir des meilleurs tissus de coton et d&rsquo;élasthanne. De plus, des renforts supplémentaires en tissu aramide DuPont stratégiquement placés pour une excellente résistance à l&rsquo;abrasion sans compromettre le confort et l&rsquo;étirement. Les protections de genoux et de cuisses homologuées CE « EN 1621-1:2012 » sont difficiles à repérer lors de la conduite/de la marche, mais offrent la meilleure protection en cas d&rsquo;accident malheureux lors de la conduite.</span></p>
<p>          <strong><br />
            <span>tissu extérieur :</span><br />
          </strong></p>
<ul>
<li><span>Denim extensible 11 oz</span></li>
<li><span>Fabriqué en 98% coton et 2% élasthanne.</span></li>
<li><span>Noir</span></li>
</ul>
<p>          <strong><br />
            <span>Protections :</span><br />
          </strong></p>
<ul>
<li><span>Protections amovibles aux genoux et aux cuisses avec certification CE EN 1621-1 : 2012.</span></li>
<li><span>Les genouillères sont réglables grâce à un velcro supplémentaire en haut et en bas.</span></li>
<li><span>La protection peut être facilement retirée en ouvrant simplement les fermetures éclair latérales au niveau des genoux.</span></li>
</ul>
<p>          <strong><br />
            <span>Confort:</span><br />
          </strong></p>
<ul>
<li><span>Doublure intérieure en tissu DuPont Aramid, qui est placée à dessein pour offrir une excellente résistance à l&rsquo;abrasion.</span></li>
<li><span>Doublure intérieure en mesh 100% polyester pour la respirabilité et le confort.</span></li>
<li><span>Mieux s&rsquo;adapter en coupe régulière.</span></li>
<li><span>Fermetures à glissière YKK® (zone braguette et genoux)</span></li>
<li><span>Avec sac de protection supplémentaire.</span></li>
</ul>

<p>Jeans Moto Homme Bela Rio &#8211; Noir Information produit: Le jean moto pour homme &lsquo;Rio&rsquo; fait partie de la dernière</p>
