{"id":104516,"date":"2022-04-01T10:19:25","date_gmt":"2022-04-01T10:40:36","guid":{"rendered":"https:\/\/primomoto.es\/bela-tom-jean-hommes-sombre-gris\/"},"modified":"2022-04-01T10:40:36","modified_gmt":"2022-04-01T10:40:36","slug":"bela-tom-denim-jeans-homme-gris-fonce","status":"publish","type":"product","link":"https:\/\/primomoto.es\/fr\/bela-tom-denim-jeans-homme-gris-fonce\/","title":{"rendered":"Bela Tom Jean Hommes Sombre Gris"},"content":{"rendered":"<h2>\n            <strong><br \/>\n              <span>Jeans de moto pour homme &#8211; Bela Tom Denim Pant<\/span><br \/>\n            <\/strong><br \/>\n          <\/h2>\n<p>          <strong><br \/>\n            <span>Information produit:<\/span><br \/>\n          <\/strong><\/p>\n<p>          <span>Le jean de moto pour homme Tom fait partie de la derni\u00e8re collection de la marque Bela Jeans. Le style de jeans Tom \u00ab\u00a0Dark Grey\u00a0\u00bb pour hommes est fait du meilleur tissu de coton et d&rsquo;\u00e9lasthanne. De plus, les renforts suppl\u00e9mentaires en tissu DuPont Aramid sont strat\u00e9giquement plac\u00e9s pour une excellente r\u00e9sistance \u00e0 l&rsquo;abrasion sans compromettre le confort et l&rsquo;\u00e9lasticit\u00e9. Les prot\u00e8ge-genoux et cuisses homologu\u00e9s CE \u00ab\u00a0EN 1621-1:2012\u00a0\u00bb sont difficiles \u00e0 rep\u00e9rer lors de la conduite \/ marche, mais offrent la meilleure protection en cas d&rsquo;accident malheureux pendant la conduite&#8230;<\/span><\/p>\n<p>          <strong><br \/>\n            <span>Tissu ext\u00e9rieur :<\/span><br \/>\n          <\/strong><\/p>\n<ul>\n<li><span>12.5 Oz Stretch Denim<\/span><\/li>\n<li><span>Fabriqu\u00e9 en 98% coton et 2% \u00e9lasthanne <\/span><\/li>\n<li><span>Gris fonc\u00e9 avec effet de pulv\u00e9risation al\u00e9atoire<\/span><\/li>\n<\/ul>\n<p>          <strong><br \/>\n            <span>Protections :<\/span><br \/>\n          <\/strong><\/p>\n<ul>\n<li><span>Protections amovibles aux genoux et aux cuisses avec certification CE EN 1621-1:2012.<\/span><\/li>\n<li><span>The Protection can be removed easily while simply opening the side knee zipper.<\/span><\/li>\n<\/ul>\n<p>          <strong><br \/>\n            <span>Confort:<\/span><br \/>\n          <\/strong><\/p>\n<ul>\n<li><span>Doublure int\u00e9rieure en tissu DuPont Aramid, qui est plac\u00e9e \u00e0 dessein pour offrir une excellente r\u00e9sistance \u00e0 l&rsquo;abrasion et \u00e0 la r\u00e9sistance.<\/span><\/li>\n<li><span>Doublure int\u00e9rieure en mesh 100% polyester pour une respirabilit\u00e9 et un confort accrus.<\/span><\/li>\n<li><span>Best fit in regular cut.<\/span><\/li>\n<li><span>Fermetures \u00e9clair YKK\u00ae (zone braguette et genoux)<\/span><\/li>\n<li><span>Avec sac de protection suppl\u00e9mentaire.<\/span><\/li>\n<\/ul>\n","protected":false},"excerpt":{"rendered":"<p>Jeans de moto pour homme &#8211; Bela Tom Denim Pant Information produit: Le jean de moto pour homme Tom fait<\/p>\n","protected":false},"featured_media":104477,"template":"","meta":[],"product_brand":[],"product_cat":[1980,1974,1981,3262,3257,1906],"product_tag":[3830,3786],"class_list":{"0":"post-104516","1":"product","2":"type-product","3":"status-publish","4":"has-post-thumbnail","6":"product_cat-hombres","7":"product_cat-jean-moto","8":"product_cat-jeans-fr-2","9":"product_cat-rue","10":"product_cat-tournee","11":"product_cat-vetements-de-moto","12":"product_tag-jean-en-denim-gris","13":"product_tag-jean-moto-fr","14":"pa_size-28-fr","15":"pa_size-30-fr","16":"pa_size-32-fr","17":"pa_size-34-fr","18":"pa_size-36-fr","19":"pa_size-38-fr","20":"pa_size-40-fr","21":"pa_size-42-fr","23":"first","24":"instock","25":"sale","26":"taxable","27":"shipping-taxable","28":"purchasable","29":"product-type-variable","30":"has-default-attributes"},"_links":{"self":[{"href":"https:\/\/primomoto.es\/fr\/wp-json\/wp\/v2\/product\/104516","targetHints":{"allow":["GET"]}}],"collection":[{"href":"https:\/\/primomoto.es\/fr\/wp-json\/wp\/v2\/product"}],"about":[{"href":"https:\/\/primomoto.es\/fr\/wp-json\/wp\/v2\/types\/product"}],"wp:featuredmedia":[{"embeddable":true,"href":"https:\/\/primomoto.es\/fr\/wp-json\/wp\/v2\/media\/104477"}],"wp:attachment":[{"href":"https:\/\/primomoto.es\/fr\/wp-json\/wp\/v2\/media?parent=104516"}],"wp:term":[{"taxonomy":"product_brand","embeddable":true,"href":"https:\/\/primomoto.es\/fr\/wp-json\/wp\/v2\/product_brand?post=104516"},{"taxonomy":"product_cat","embeddable":true,"href":"https:\/\/primomoto.es\/fr\/wp-json\/wp\/v2\/product_cat?post=104516"},{"taxonomy":"product_tag","embeddable":true,"href":"https:\/\/primomoto.es\/fr\/wp-json\/wp\/v2\/product_tag?post=104516"}],"curies":[{"name":"wp","href":"https:\/\/api.w.org\/{rel}","templated":true}]}}

<h2>
            <strong><br />
              <span>Jeans de moto pour homme &#8211; Bela Tom Denim Pant</span><br />
            </strong><br />
          </h2>
<p>          <strong><br />
            <span>Information produit:</span><br />
          </strong></p>
<p>          <span>Le jean de moto pour homme Tom fait partie de la dernière collection de la marque Bela Jeans. Le style de jeans Tom « Dark Grey » pour hommes est fait du meilleur tissu de coton et d&rsquo;élasthanne. De plus, les renforts supplémentaires en tissu DuPont Aramid sont stratégiquement placés pour une excellente résistance à l&rsquo;abrasion sans compromettre le confort et l&rsquo;élasticité. Les protège-genoux et cuisses homologués CE « EN 1621-1:2012 » sont difficiles à repérer lors de la conduite / marche, mais offrent la meilleure protection en cas d&rsquo;accident malheureux pendant la conduite&#8230;</span></p>
<p>          <strong><br />
            <span>Tissu extérieur :</span><br />
          </strong></p>
<ul>
<li><span>12.5 Oz Stretch Denim</span></li>
<li><span>Fabriqué en 98% coton et 2% élasthanne </span></li>
<li><span>Gris foncé avec effet de pulvérisation aléatoire</span></li>
</ul>
<p>          <strong><br />
            <span>Protections :</span><br />
          </strong></p>
<ul>
<li><span>Protections amovibles aux genoux et aux cuisses avec certification CE EN 1621-1:2012.</span></li>
<li><span>The Protection can be removed easily while simply opening the side knee zipper.</span></li>
</ul>
<p>          <strong><br />
            <span>Confort:</span><br />
          </strong></p>
<ul>
<li><span>Doublure intérieure en tissu DuPont Aramid, qui est placée à dessein pour offrir une excellente résistance à l&rsquo;abrasion et à la résistance.</span></li>
<li><span>Doublure intérieure en mesh 100% polyester pour une respirabilité et un confort accrus.</span></li>
<li><span>Best fit in regular cut.</span></li>
<li><span>Fermetures éclair YKK® (zone braguette et genoux)</span></li>
<li><span>Avec sac de protection supplémentaire.</span></li>
</ul>
