{"id":78007,"date":"2021-10-26T09:18:40","date_gmt":"2021-10-26T09:18:40","guid":{"rendered":"https:\/\/primomoto.es\/bela-mesh-pro-men-sommer-jacke-grau\/"},"modified":"2023-08-30T09:13:05","modified_gmt":"2023-08-30T09:13:05","slug":"bela-mesh-pro-men-sommerjacke-grau-eis","status":"publish","type":"product","link":"https:\/\/primomoto.es\/de\/bela-mesh-pro-men-sommerjacke-grau-eis\/","title":{"rendered":"Bela Mesh Pro Men Sommerjacken Grau\/Eis"},"content":{"rendered":"<h2>Bela Mesh Pro Motorrad Sommerjacke\u00a0herren<\/h2>\n<p><strong>Beschreibung:<\/strong><\/p>\n<p>Bela Mesh Pro f\u00fcr herren hat alles, was sich eine Motorradfahrerin w\u00fcnscht, sei es Schutz, Stil oder Komfort. Diese Jacke hat ein luftdurchl\u00e4ssiges Mesh-Futter zur Bel\u00fcftung, was sie perfekt f\u00fcr Sommerfahrten macht und durch das reflektierende Logo auf der Vorder- und R\u00fcckseite wird die Sichtbarkeit bei Nacht verbessert. Die Bela Mesh Pro Damen-Textiljacke ist in schwarz und grau in verschiedenen Gr\u00f6\u00dfen erh\u00e4ltlich.<\/p>\n<p><strong>Material- und technische Informationen:<\/strong><\/p>\n<ul>\n<li>Obermaterial: 100% Maxtex 600D Polyester mit Luftnetz zur Bel\u00fcftung<\/li>\n<li>Innenseite: Netzfutter aus 100% Polyester<\/li>\n<li>Abnehmbare CE-gepr\u00fcfte Schulter- und Ellbogen-Protektoren.<\/li>\n<li>Verstellbarer Druckknopf an den \u00c4rmeln<\/li>\n<li>\u00c4rmelb\u00fcndchen und Tailleng\u00fcrtel mit Klettverschluss<\/li>\n<li>Zwei wasserdichte Taschen<\/li>\n<li>Reflektierendes BELA-Logo vorne und hinten f\u00fcr Nachtfahrten<\/li>\n<li>Extra Polsterung auf der R\u00fcckseite f\u00fcr zus\u00e4tzlichen Schutz<\/li>\n<li>Kurzer YKK # 8 Verbindungsrei\u00dfverschluss<\/li>\n<\/ul>\n","protected":false},"excerpt":{"rendered":"<p>Het nieuwe assortiment zomerjassen van BELA. Blijf ontspannen en geniet van ritten op warme zomerdagen met dit Bela Mesh Pro-jack. Het wordt geleverd met een mesh voering voor extra comfort en ademend vermogen. Volledig geventileerd, sportief en optimaal beschermd verkrijgbaar in Black en Grey\/Ice.<\/p>\n","protected":false},"featured_media":104922,"template":"","meta":[],"product_brand":[],"product_cat":[1541,1542,1518,3266,1544,3258],"product_tag":[1593,1592],"class_list":{"0":"post-78007","1":"product","2":"type-product","3":"status-publish","4":"has-post-thumbnail","6":"product_cat-motorradjacken","7":"product_cat-heren-motorjassen","8":"product_cat-motorkleding","9":"product_cat-straat","10":"product_cat-heren-textiljacken","11":"product_cat-toeren","12":"product_tag-heren-reisjas","13":"product_tag-textiel-jas","14":"pa_size-44-xxs-de","15":"pa_size-46-xs-de","16":"pa_size-50-m-de-2","17":"pa_size-52-l-de-2","18":"pa_size-54-xl-de-2","19":"pa_size-56-2xl-de-2","20":"pa_size-58-3xl-de-2","21":"pa_size-60-4xl-de","22":"pa_size-62-5xl-de","23":"pa_size-64-6xl-de","24":"pa_size-66-7xl-de","25":"pa_size-68-8xl-de","27":"first","28":"instock","29":"sale","30":"taxable","31":"shipping-taxable","32":"purchasable","33":"product-type-variable","34":"has-default-attributes"},"_links":{"self":[{"href":"https:\/\/primomoto.es\/de\/wp-json\/wp\/v2\/product\/78007","targetHints":{"allow":["GET"]}}],"collection":[{"href":"https:\/\/primomoto.es\/de\/wp-json\/wp\/v2\/product"}],"about":[{"href":"https:\/\/primomoto.es\/de\/wp-json\/wp\/v2\/types\/product"}],"wp:featuredmedia":[{"embeddable":true,"href":"https:\/\/primomoto.es\/de\/wp-json\/wp\/v2\/media\/104922"}],"wp:attachment":[{"href":"https:\/\/primomoto.es\/de\/wp-json\/wp\/v2\/media?parent=78007"}],"wp:term":[{"taxonomy":"product_brand","embeddable":true,"href":"https:\/\/primomoto.es\/de\/wp-json\/wp\/v2\/product_brand?post=78007"},{"taxonomy":"product_cat","embeddable":true,"href":"https:\/\/primomoto.es\/de\/wp-json\/wp\/v2\/product_cat?post=78007"},{"taxonomy":"product_tag","embeddable":true,"href":"https:\/\/primomoto.es\/de\/wp-json\/wp\/v2\/product_tag?post=78007"}],"curies":[{"name":"wp","href":"https:\/\/api.w.org\/{rel}","templated":true}]}}

<h2>Bela Mesh Pro Motorrad Sommerjacke herren</h2>
<p><strong>Beschreibung:</strong></p>
<p>Bela Mesh Pro für herren hat alles, was sich eine Motorradfahrerin wünscht, sei es Schutz, Stil oder Komfort. Diese Jacke hat ein luftdurchlässiges Mesh-Futter zur Belüftung, was sie perfekt für Sommerfahrten macht und durch das reflektierende Logo auf der Vorder- und Rückseite wird die Sichtbarkeit bei Nacht verbessert. Die Bela Mesh Pro Damen-Textiljacke ist in schwarz und grau in verschiedenen Größen erhältlich.</p>
<p><strong>Material- und technische Informationen:</strong></p>
<ul>
<li>Obermaterial: 100% Maxtex 600D Polyester mit Luftnetz zur Belüftung</li>
<li>Innenseite: Netzfutter aus 100% Polyester</li>
<li>Abnehmbare CE-geprüfte Schulter- und Ellbogen-Protektoren.</li>
<li>Verstellbarer Druckknopf an den Ärmeln</li>
<li>Ärmelbündchen und Taillengürtel mit Klettverschluss</li>
<li>Zwei wasserdichte Taschen</li>
<li>Reflektierendes BELA-Logo vorne und hinten für Nachtfahrten</li>
<li>Extra Polsterung auf der Rückseite für zusätzlichen Schutz</li>
<li>Kurzer YKK # 8 Verbindungsreißverschluss</li>
</ul>
