{"id":65170,"date":"2021-09-08T12:08:56","date_gmt":"2021-09-08T12:08:56","guid":{"rendered":"https:\/\/primomoto.es\/bela-bradley-motorradjacken-schwarz-rot\/"},"modified":"2023-08-29T10:55:28","modified_gmt":"2023-08-29T10:55:28","slug":"bela-bradley-motorrad-tourenjacken-schwarz-rot","status":"publish","type":"product","link":"https:\/\/primomoto.es\/de\/bela-bradley-motorrad-tourenjacken-schwarz-rot\/","title":{"rendered":"Bela Bradley Motorradjacken Schwarz\/Rot"},"content":{"rendered":"<h2>Bela Bradley Motorrad-Tourenjacken f\u00fcr Herren<\/h2>\n<p>Bela Bradley ist eine Jacke, die alle Motorradfahrer lieben. Es ist speziell f\u00fcr Komfort auf langen oder kurzen Reisen gemacht. Gew\u00e4hrleistung einer jederzeit guten Sicherheit f\u00fcr den Motorradfahrer.<\/p>\n<p>Es hat eine Polyesterabdeckung, die Sie nicht nur k\u00fchl halten kann. Es kann es auch sch\u00fctzen, um Ihre Motorradfahrt viel angenehmer zu machen.<\/p>\n<p><strong>Technische Information:<\/strong><\/p>\n<ul>\n<li>Polyester-Au\u00dfenh\u00fclle.<\/li>\n<li>Mesh-Futter mit weicher Passform.<\/li>\n<li>Abnehmbare Protektoren gem\u00e4\u00df CE-Vorschriften an Schultern und Ellbogen.<\/li>\n<li>Abnehmbares Polyesterfutter mit Innentasche f\u00fcr Handy und Dokumente.<\/li>\n<li>Sch\u00f6ner Stoff und weich im Nacken.<\/li>\n<li>Zwei Taschen, die die H\u00e4nde w\u00e4rmen.<\/li>\n<li>Polsterung im Schulter- und Manschettenbereich.<\/li>\n<li>Schulter-, Ellbogen- und R\u00fcckenprotektoren.<\/li>\n<li>Reflektierende Elemente f\u00fcr Nachtsichtbarkeit.<\/li>\n<li>Klettverschlussmanschette.<\/li>\n<\/ul>\n","protected":false},"excerpt":{"rendered":"<p>Die Bela Bradley ist eine Herrenjacke f\u00fcr Touraktivit\u00e4ten. Sch\u00fctzen Sie sich jederzeit vor Witterungseinfl\u00fcssen und St\u00f6\u00dfen oder St\u00fcrzen.<\/p>\n","protected":false},"featured_media":65126,"template":"","meta":[],"product_brand":[],"product_cat":[1541,1542,1518,1544,3258],"product_tag":[1611],"class_list":{"0":"post-65170","1":"product","2":"type-product","3":"status-publish","4":"has-post-thumbnail","6":"product_cat-motorradjacken","7":"product_cat-heren-motorjassen","8":"product_cat-motorkleding","9":"product_cat-heren-textiljacken","10":"product_cat-toeren","11":"product_tag-textiel-herenjas","12":"pa_size-46-xs-de","13":"pa_size-50-m-de-2","14":"pa_size-52-l-de-2","15":"pa_size-54-xl-de-2","16":"pa_size-56-2xl-de-2","17":"pa_size-58-3xl-de-2","18":"pa_size-60-4xl-de","19":"pa_size-62-5xl-de","20":"pa_size-64-6xl-de","21":"pa_size-66-7xl-de","23":"first","24":"instock","25":"sale","26":"taxable","27":"shipping-taxable","28":"purchasable","29":"product-type-variable","30":"has-default-attributes"},"_links":{"self":[{"href":"https:\/\/primomoto.es\/de\/wp-json\/wp\/v2\/product\/65170","targetHints":{"allow":["GET"]}}],"collection":[{"href":"https:\/\/primomoto.es\/de\/wp-json\/wp\/v2\/product"}],"about":[{"href":"https:\/\/primomoto.es\/de\/wp-json\/wp\/v2\/types\/product"}],"wp:featuredmedia":[{"embeddable":true,"href":"https:\/\/primomoto.es\/de\/wp-json\/wp\/v2\/media\/65126"}],"wp:attachment":[{"href":"https:\/\/primomoto.es\/de\/wp-json\/wp\/v2\/media?parent=65170"}],"wp:term":[{"taxonomy":"product_brand","embeddable":true,"href":"https:\/\/primomoto.es\/de\/wp-json\/wp\/v2\/product_brand?post=65170"},{"taxonomy":"product_cat","embeddable":true,"href":"https:\/\/primomoto.es\/de\/wp-json\/wp\/v2\/product_cat?post=65170"},{"taxonomy":"product_tag","embeddable":true,"href":"https:\/\/primomoto.es\/de\/wp-json\/wp\/v2\/product_tag?post=65170"}],"curies":[{"name":"wp","href":"https:\/\/api.w.org\/{rel}","templated":true}]}}

<h2>Bela Bradley Motorrad-Tourenjacken für Herren</h2>
<p>Bela Bradley ist eine Jacke, die alle Motorradfahrer lieben. Es ist speziell für Komfort auf langen oder kurzen Reisen gemacht. Gewährleistung einer jederzeit guten Sicherheit für den Motorradfahrer.</p>
<p>Es hat eine Polyesterabdeckung, die Sie nicht nur kühl halten kann. Es kann es auch schützen, um Ihre Motorradfahrt viel angenehmer zu machen.</p>
<p><strong>Technische Information:</strong></p>
<ul>
<li>Polyester-Außenhülle.</li>
<li>Mesh-Futter mit weicher Passform.</li>
<li>Abnehmbare Protektoren gemäß CE-Vorschriften an Schultern und Ellbogen.</li>
<li>Abnehmbares Polyesterfutter mit Innentasche für Handy und Dokumente.</li>
<li>Schöner Stoff und weich im Nacken.</li>
<li>Zwei Taschen, die die Hände wärmen.</li>
<li>Polsterung im Schulter- und Manschettenbereich.</li>
<li>Schulter-, Ellbogen- und Rückenprotektoren.</li>
<li>Reflektierende Elemente für Nachtsichtbarkeit.</li>
<li>Klettverschlussmanschette.</li>
</ul>

<p>Die Bela Bradley ist eine Herrenjacke für Touraktivitäten. Schützen Sie sich jederzeit vor Witterungseinflüssen und Stößen oder Stürzen.</p>
