{"id":44000,"date":"2021-01-04T11:26:58","date_gmt":"2021-01-04T11:26:58","guid":{"rendered":"https:\/\/primomoto.es\/bela-mesh-pro-lady-textiel-jas-zwart\/"},"modified":"2023-08-30T09:22:55","modified_gmt":"2023-08-30T09:22:55","slug":"bela-mesh-pro-lady-sommerjacke-schwarz","status":"publish","type":"product","link":"https:\/\/primomoto.es\/de\/bela-mesh-pro-lady-sommerjacke-schwarz\/","title":{"rendered":"Bela Mesh Pro Lady Sommerjacken Schwarz"},"content":{"rendered":"<h2>Bela Mesh Pro Motorrad Sommerjacke Damen<\/h2>\n<p><strong>Beschreibung:<\/strong><\/p>\n<p>Bela Mesh Pro f\u00fcr herren hat alles, was sich eine Motorradfahrerin w\u00fcnscht, sei es Schutz, Stil oder Komfort. Diese Jacke hat ein luftdurchl\u00e4ssiges Mesh-Futter zur Bel\u00fcftung, was sie perfekt f\u00fcr Sommerfahrten macht und durch das reflektierende Logo auf der Vorder- und R\u00fcckseite wird die Sichtbarkeit bei Nacht verbessert. Die Bela Mesh Pro Damen-Textiljacke ist in schwarz und grau in verschiedenen Gr\u00f6\u00dfen erh\u00e4ltlich.<\/p>\n<p><strong>Material- und technische Informationen:<\/strong><\/p>\n<ul>\n<li>Obermaterial: 100% Maxtex 600D Polyester mit Luftnetz zur Bel\u00fcftung<\/li>\n<li>Innenseite: Netzfutter aus 100% Polyester<\/li>\n<li>Abnehmbare CE-gepr\u00fcfte Schulter- und Ellbogen-Protektoren.<\/li>\n<li>Verstellbarer Druckknopf an den \u00c4rmeln<\/li>\n<li>\u00c4rmelb\u00fcndchen und Tailleng\u00fcrtel mit Klettverschluss<\/li>\n<li>Zwei wasserdichte Taschen<\/li>\n<li>Reflektierendes BELA-Logo vorne und hinten f\u00fcr Nachtfahrten<\/li>\n<li>Extra Polsterung auf der R\u00fcckseite f\u00fcr zus\u00e4tzlichen Schutz<\/li>\n<li>Kurzer YKK # 8 Verbindungsrei\u00dfverschluss<\/li>\n<\/ul>\n","protected":false},"excerpt":{"rendered":"<p>De nieuwe reeks BELA zomerjassen voor dames. Blijf ontspannen en geniet van ritten op warme zomerdagen met dit Bela Mesh Pro-jack. Het wordt geleverd met een mesh voering voor extra comfort en ademend vermogen. Volledig geventileerd, sportief en optimaal beschermd verkrijgbaar in Black en Grey\/Ice.<\/p>\n","protected":false},"featured_media":65864,"template":"","meta":[],"product_brand":[],"product_cat":[1545,1541,1518,1547],"product_tag":[1627,1592,1599],"class_list":{"0":"post-44000","1":"product","2":"type-product","3":"status-publish","4":"has-post-thumbnail","6":"product_cat-dames-motorjassen","7":"product_cat-motorradjacken","8":"product_cat-motorkleding","9":"product_cat-dames-textiljacken","10":"product_tag-jas-vrouw","11":"product_tag-textiel-jas","12":"product_tag-touring-jas","13":"pa_size-34-2xs-de","14":"pa_size-36-xs-de","15":"pa_size-38-s-de","16":"pa_size-40-m-de","17":"pa_size-42-l-de","18":"pa_size-44-xl-de","19":"pa_size-46-2xl-de","20":"pa_size-48-3xl-de","21":"pa_size-50-4xl-de","22":"pa_size-52-5xl-de","23":"pa_size-54-6xl-de","25":"first","26":"outofstock","27":"sale","28":"featured","29":"taxable","30":"shipping-taxable","31":"purchasable","32":"product-type-variable","33":"has-default-attributes"},"_links":{"self":[{"href":"https:\/\/primomoto.es\/de\/wp-json\/wp\/v2\/product\/44000","targetHints":{"allow":["GET"]}}],"collection":[{"href":"https:\/\/primomoto.es\/de\/wp-json\/wp\/v2\/product"}],"about":[{"href":"https:\/\/primomoto.es\/de\/wp-json\/wp\/v2\/types\/product"}],"wp:featuredmedia":[{"embeddable":true,"href":"https:\/\/primomoto.es\/de\/wp-json\/wp\/v2\/media\/65864"}],"wp:attachment":[{"href":"https:\/\/primomoto.es\/de\/wp-json\/wp\/v2\/media?parent=44000"}],"wp:term":[{"taxonomy":"product_brand","embeddable":true,"href":"https:\/\/primomoto.es\/de\/wp-json\/wp\/v2\/product_brand?post=44000"},{"taxonomy":"product_cat","embeddable":true,"href":"https:\/\/primomoto.es\/de\/wp-json\/wp\/v2\/product_cat?post=44000"},{"taxonomy":"product_tag","embeddable":true,"href":"https:\/\/primomoto.es\/de\/wp-json\/wp\/v2\/product_tag?post=44000"}],"curies":[{"name":"wp","href":"https:\/\/api.w.org\/{rel}","templated":true}]}}

<h2>Bela Mesh Pro Motorrad Sommerjacke Damen</h2>
<p><strong>Beschreibung:</strong></p>
<p>Bela Mesh Pro für herren hat alles, was sich eine Motorradfahrerin wünscht, sei es Schutz, Stil oder Komfort. Diese Jacke hat ein luftdurchlässiges Mesh-Futter zur Belüftung, was sie perfekt für Sommerfahrten macht und durch das reflektierende Logo auf der Vorder- und Rückseite wird die Sichtbarkeit bei Nacht verbessert. Die Bela Mesh Pro Damen-Textiljacke ist in schwarz und grau in verschiedenen Größen erhältlich.</p>
<p><strong>Material- und technische Informationen:</strong></p>
<ul>
<li>Obermaterial: 100% Maxtex 600D Polyester mit Luftnetz zur Belüftung</li>
<li>Innenseite: Netzfutter aus 100% Polyester</li>
<li>Abnehmbare CE-geprüfte Schulter- und Ellbogen-Protektoren.</li>
<li>Verstellbarer Druckknopf an den Ärmeln</li>
<li>Ärmelbündchen und Taillengürtel mit Klettverschluss</li>
<li>Zwei wasserdichte Taschen</li>
<li>Reflektierendes BELA-Logo vorne und hinten für Nachtfahrten</li>
<li>Extra Polsterung auf der Rückseite für zusätzlichen Schutz</li>
<li>Kurzer YKK # 8 Verbindungsreißverschluss</li>
</ul>
