{"id":43392,"date":"2021-01-20T06:00:39","date_gmt":"2021-01-20T06:00:39","guid":{"rendered":"https:\/\/primomoto.es\/bela-watson-tourenjacke-schwarz-khaki\/"},"modified":"2021-11-30T10:21:55","modified_gmt":"2021-11-30T10:21:55","slug":"bela-watson-touring-jack-zwart-kaki","status":"publish","type":"product","link":"https:\/\/primomoto.es\/de\/bela-watson-touring-jack-zwart-kaki\/","title":{"rendered":"Bela Watson Tourenjacke Schwarz\/Khaki"},"content":{"rendered":"<h2><strong>Motorrad-Tourenjacke f\u00fcr Herren &#8211; Bela Watson<\/strong><\/h2>\n<p><strong>Technische Spezifikationen:<\/strong><\/p>\n<ul>\n<li>Fortschrittliche wasserdichte und atmungsaktive Textilkonstruktion aus Polyester 600D<\/li>\n<li>DVS (Direct Ventilation System) mit Rei\u00dfverschluss an der Brust und an den hinteren Auslass\u00f6ffnungen<\/li>\n<li>Interner Aufprallschutz durch abnehmbare Ellbogen- und Schulterprotektoren<\/li>\n<li>Taschen f\u00fcr optionalen Brust- und R\u00fcckenschutz<\/li>\n<li>Reflektierende grafische Details und Logos verbessern die Sichtbarkeit des Fahrers bei unterschiedlichen Lichtverh\u00e4ltnissen<\/li>\n<li>Die Eingrifftaschen mit Rei\u00dfverschluss an der oberen Brust funktionieren zusammen mit der Bel\u00fcftungs\u00f6ffnung, um eine individuelle Bel\u00fcftung zu gew\u00e4hrleisten<\/li>\n<li>Wasserdichte Cargotaschen vorne f\u00fcr Komfort und Sicherheit beim Schlie\u00dfen<\/li>\n<li>Gro\u00dfe externe Utility-Tasche am unteren R\u00fccken sowie wasserdichte Innentaschen und Brieftasche<\/li>\n<li>Integrierter Kragen mit weicher Kante und Konstruktion f\u00fcr Komfort \u00fcber gro\u00dfe Entfernungen<\/li>\n<li>Vorkonturierte \u00c4rmel mit Akkordeon-Stretcheins\u00e4tzen an den Ellbogen<\/li>\n<li>Premium-Rei\u00dfverschluss mit Schiebereglern f\u00fcr den Hauptverschluss vorne bietet anpassungsf\u00e4higen und sicheren Komfort<\/li>\n<li>Der herausnehmbare Langarm-Thermofutter (100 g K\u00f6rper \/ 80 g \u00c4rmel) sorgt f\u00fcr Komfort an hei\u00dfen oder kalten Tagen<\/li>\n<li>Verschlussverschluss f\u00fcr Arm und Taille f\u00fcr eine individuell anpassbare Passform<\/li>\n<li>Externe Rei\u00dfverschlusstaschen f\u00fcr eine sichere Aufbewahrung<\/li>\n<li>Eine perfekte Kombination aus dreilagiger Jacke f\u00fcr Langstreckenfahrten.<\/li>\n<\/ul>\n","protected":false},"excerpt":{"rendered":"<p>Motorrad-Tourenjacke f\u00fcr Herren &#8211; Bela Watson Technische Spezifikationen: Fortschrittliche wasserdichte und atmungsaktive Textilkonstruktion aus Polyester 600D DVS (Direct Ventilation System)<\/p>\n","protected":false},"featured_media":24149,"template":"","meta":[],"product_brand":[],"product_cat":[1541,1542,1518,1544,3258],"product_tag":[1628,1599],"class_list":{"0":"post-43392","1":"product","2":"type-product","3":"status-publish","4":"has-post-thumbnail","6":"product_cat-motorradjacken","7":"product_cat-heren-motorjassen","8":"product_cat-motorkleding","9":"product_cat-heren-textiljacken","10":"product_cat-toeren","11":"product_tag-textiel-herenjas-de","12":"product_tag-touring-jas","13":"pa_size-l-de","14":"pa_size-s-de","15":"pa_size-xl-de","16":"pa_size-xxl-de","17":"pa_size-xxxl-de","19":"first","20":"outofstock","21":"sale","22":"taxable","23":"shipping-taxable","24":"purchasable","25":"product-type-variable","26":"has-default-attributes"},"_links":{"self":[{"href":"https:\/\/primomoto.es\/de\/wp-json\/wp\/v2\/product\/43392","targetHints":{"allow":["GET"]}}],"collection":[{"href":"https:\/\/primomoto.es\/de\/wp-json\/wp\/v2\/product"}],"about":[{"href":"https:\/\/primomoto.es\/de\/wp-json\/wp\/v2\/types\/product"}],"wp:featuredmedia":[{"embeddable":true,"href":"https:\/\/primomoto.es\/de\/wp-json\/wp\/v2\/media\/24149"}],"wp:attachment":[{"href":"https:\/\/primomoto.es\/de\/wp-json\/wp\/v2\/media?parent=43392"}],"wp:term":[{"taxonomy":"product_brand","embeddable":true,"href":"https:\/\/primomoto.es\/de\/wp-json\/wp\/v2\/product_brand?post=43392"},{"taxonomy":"product_cat","embeddable":true,"href":"https:\/\/primomoto.es\/de\/wp-json\/wp\/v2\/product_cat?post=43392"},{"taxonomy":"product_tag","embeddable":true,"href":"https:\/\/primomoto.es\/de\/wp-json\/wp\/v2\/product_tag?post=43392"}],"curies":[{"name":"wp","href":"https:\/\/api.w.org\/{rel}","templated":true}]}}

<h2><strong>Motorrad-Tourenjacke für Herren &#8211; Bela Watson</strong></h2>
<p><strong>Technische Spezifikationen:</strong></p>
<ul>
<li>Fortschrittliche wasserdichte und atmungsaktive Textilkonstruktion aus Polyester 600D</li>
<li>DVS (Direct Ventilation System) mit Reißverschluss an der Brust und an den hinteren Auslassöffnungen</li>
<li>Interner Aufprallschutz durch abnehmbare Ellbogen- und Schulterprotektoren</li>
<li>Taschen für optionalen Brust- und Rückenschutz</li>
<li>Reflektierende grafische Details und Logos verbessern die Sichtbarkeit des Fahrers bei unterschiedlichen Lichtverhältnissen</li>
<li>Die Eingrifftaschen mit Reißverschluss an der oberen Brust funktionieren zusammen mit der Belüftungsöffnung, um eine individuelle Belüftung zu gewährleisten</li>
<li>Wasserdichte Cargotaschen vorne für Komfort und Sicherheit beim Schließen</li>
<li>Große externe Utility-Tasche am unteren Rücken sowie wasserdichte Innentaschen und Brieftasche</li>
<li>Integrierter Kragen mit weicher Kante und Konstruktion für Komfort über große Entfernungen</li>
<li>Vorkonturierte Ärmel mit Akkordeon-Stretcheinsätzen an den Ellbogen</li>
<li>Premium-Reißverschluss mit Schiebereglern für den Hauptverschluss vorne bietet anpassungsfähigen und sicheren Komfort</li>
<li>Der herausnehmbare Langarm-Thermofutter (100 g Körper / 80 g Ärmel) sorgt für Komfort an heißen oder kalten Tagen</li>
<li>Verschlussverschluss für Arm und Taille für eine individuell anpassbare Passform</li>
<li>Externe Reißverschlusstaschen für eine sichere Aufbewahrung</li>
<li>Eine perfekte Kombination aus dreilagiger Jacke für Langstreckenfahrten.</li>
</ul>

<p>Motorrad-Tourenjacke für Herren &#8211; Bela Watson Technische Spezifikationen: Fortschrittliche wasserdichte und atmungsaktive Textilkonstruktion aus Polyester 600D DVS (Direct Ventilation System)</p>
