{"id":43366,"date":"2021-02-10T12:28:04","date_gmt":"2021-02-10T12:28:04","guid":{"rendered":"https:\/\/primomoto.es\/bela-panther-textiljacke-fur-manner-schwarz-weis-rot\/"},"modified":"2023-08-29T08:46:34","modified_gmt":"2023-08-29T08:46:34","slug":"bela-panter-textiljacke-schwarz-weiss-rot","status":"publish","type":"product","link":"https:\/\/primomoto.es\/de\/bela-panter-textiljacke-schwarz-weiss-rot\/","title":{"rendered":"Bela Panther Textiljacke Schwarz\/Wei\u00df\/Rot"},"content":{"rendered":"<h2>Bela Panther Motorrad Textiljacke f\u00fcr herren<\/h2>\n<p><strong>Beschreibung:<\/strong><\/p>\n<ul>\n<li>Au\u00dfenschale: 600D Polyestergewebe<\/li>\n<li>Interner Schulter-, Ellbogen- und R\u00fcckenschutz eingesetzt<\/li>\n<li>R\u00fcckenpanzerung mit Hi-Density-Schaumstoff-R\u00fcckenpolster<\/li>\n<li>Festes Quiltfutter f\u00fcr kaltes Wetter<\/li>\n<li>Oberkragen aus Neopren f\u00fcr mehr Komfort<\/li>\n<li>Arm- und Taillenversteller f\u00fcr optimale Passform<\/li>\n<li>2 \u00e4u\u00dfere &amp; 2 innere Taschen<\/li>\n<li>Taillenverbindungsrei\u00dfverschluss f\u00fcr Hosen<\/li>\n<li>Reflektierende Drucke f\u00fcr Nachtsichtbarkeit<\/li>\n<\/ul>\n","protected":false},"excerpt":{"rendered":"<p>Bela Panther Motorrad Textiljacke f\u00fcr herren Beschreibung: Au\u00dfenschale: 600D Polyestergewebe Interner Schulter-, Ellbogen- und R\u00fcckenschutz eingesetzt R\u00fcckenpanzerung mit Hi-Density-Schaumstoff-R\u00fcckenpolster Festes<\/p>\n","protected":false},"featured_media":28614,"template":"","meta":[],"product_brand":[],"product_cat":[1541,1542,1518,1544],"product_tag":[1632,1630],"class_list":{"0":"post-43366","1":"product","2":"type-product","3":"status-publish","4":"has-post-thumbnail","6":"product_cat-motorradjacken","7":"product_cat-heren-motorjassen","8":"product_cat-motorkleding","9":"product_cat-heren-textiljacken","10":"product_tag-jas-man","11":"product_tag-textiel_jack","12":"pa_size-46-xs-de","13":"pa_size-50-m-de-2","14":"pa_size-52-l-de-2","15":"pa_size-54-xl-de-2","16":"pa_size-56-2xl-de-2","17":"pa_size-58-3xl-de-2","18":"pa_size-60-4xl-de","19":"pa_size-62-5xl-de","20":"pa_size-64-6xl-de","22":"first","23":"outofstock","24":"sale","25":"taxable","26":"shipping-taxable","27":"purchasable","28":"product-type-variable","29":"has-default-attributes"},"_links":{"self":[{"href":"https:\/\/primomoto.es\/de\/wp-json\/wp\/v2\/product\/43366","targetHints":{"allow":["GET"]}}],"collection":[{"href":"https:\/\/primomoto.es\/de\/wp-json\/wp\/v2\/product"}],"about":[{"href":"https:\/\/primomoto.es\/de\/wp-json\/wp\/v2\/types\/product"}],"wp:featuredmedia":[{"embeddable":true,"href":"https:\/\/primomoto.es\/de\/wp-json\/wp\/v2\/media\/28614"}],"wp:attachment":[{"href":"https:\/\/primomoto.es\/de\/wp-json\/wp\/v2\/media?parent=43366"}],"wp:term":[{"taxonomy":"product_brand","embeddable":true,"href":"https:\/\/primomoto.es\/de\/wp-json\/wp\/v2\/product_brand?post=43366"},{"taxonomy":"product_cat","embeddable":true,"href":"https:\/\/primomoto.es\/de\/wp-json\/wp\/v2\/product_cat?post=43366"},{"taxonomy":"product_tag","embeddable":true,"href":"https:\/\/primomoto.es\/de\/wp-json\/wp\/v2\/product_tag?post=43366"}],"curies":[{"name":"wp","href":"https:\/\/api.w.org\/{rel}","templated":true}]}}

Bela Panther Textiljacke Schwarz/Weiß/Rot

<h2>Bela Panther Motorrad Textiljacke für herren</h2>
<p><strong>Beschreibung:</strong></p>
<ul>
<li>Außenschale: 600D Polyestergewebe</li>
<li>Interner Schulter-, Ellbogen- und Rückenschutz eingesetzt</li>
<li>Rückenpanzerung mit Hi-Density-Schaumstoff-Rückenpolster</li>
<li>Festes Quiltfutter für kaltes Wetter</li>
<li>Oberkragen aus Neopren für mehr Komfort</li>
<li>Arm- und Taillenversteller für optimale Passform</li>
<li>2 äußere &amp; 2 innere Taschen</li>
<li>Taillenverbindungsreißverschluss für Hosen</li>
<li>Reflektierende Drucke für Nachtsichtbarkeit</li>
</ul>

<p>Bela Panther Motorrad Textiljacke für herren Beschreibung: Außenschale: 600D Polyestergewebe Interner Schulter-, Ellbogen- und Rückenschutz eingesetzt Rückenpanzerung mit Hi-Density-Schaumstoff-Rückenpolster Festes</p>
