{"id":140217,"date":"2022-10-06T08:59:26","date_gmt":"2022-10-06T09:13:46","guid":{"rendered":"https:\/\/primomoto.es\/r-tech-falcon-zomer-textiel-handschoen-zwart-rood\/"},"modified":"2023-08-25T08:39:18","modified_gmt":"2023-08-25T08:39:18","slug":"r-tech-falcon-zomer-textiel-handschoen-zwart-rood","status":"publish","type":"product","link":"https:\/\/primomoto.es\/de\/r-tech-falcon-zomer-textiel-handschoen-zwart-rood\/","title":{"rendered":"R-Tech Falcon Motorrad Sommerhandschuhe Zwart\/Rood"},"content":{"rendered":"<h2>R-Tech Falcon Motorrad-Lederhandschuhe<\/h2>\n<p><strong>Beschreibung:<\/strong><\/p>\n<ul>\n<li>Mischhandschuhe aus Leder und Textil.<\/li>\n<li>Echtes Leder, das in Bereichen mit hohem Aufprallrisiko verwendet wird.<\/li>\n<li>Konstruktion aus weichem Polyestergewebe f\u00fcr bequeme Passform und Luftf\u00fchrung.<\/li>\n<li>Innen weiches Polyesterfutter.<\/li>\n<li>Paspel aus echtem Leder.<\/li>\n<li>TPU-Protektor f\u00fcr Kn\u00f6chelschutz.<\/li>\n<li>Luftschutz f\u00fcr Handfl\u00e4chen- und Fingersicherheit.<\/li>\n<li>Clarino-Verst\u00e4rkung f\u00fcr Handfl\u00e4chensicherheit.<\/li>\n<li>Geschwungene Form f\u00fcr angenehme Passform.<\/li>\n<li>Elastische Paneele f\u00fcr<\/li>\n<li>Verstellbarer Klettverschluss an der Manschette f\u00fcr besseren Komfort und Griffigkeit der Manschette.<\/li>\n<\/ul>\n","protected":false},"excerpt":{"rendered":"<p>R-Tech Falcon Motorrad-Lederhandschuhe Beschreibung: Mischhandschuhe aus Leder und Textil. Echtes Leder, das in Bereichen mit hohem Aufprallrisiko verwendet wird. Konstruktion<\/p>\n","protected":false},"featured_media":140192,"template":"","meta":[],"product_brand":[],"product_cat":[1548,1549,1518,3258,1552],"product_tag":[],"class_list":{"0":"post-140217","1":"product","2":"type-product","3":"status-publish","4":"has-post-thumbnail","6":"product_cat-motorrad-handschuhe","7":"product_cat-heren-motorhandschoenen","8":"product_cat-motorkleding","9":"product_cat-toeren","10":"product_cat-tourenhandschuhe-mannen","11":"pa_size-2xl-de","12":"pa_size-l-de","13":"pa_size-m-de","14":"pa_size-s-de","15":"pa_size-xl-de","17":"first","18":"outofstock","19":"sale","20":"taxable","21":"shipping-taxable","22":"purchasable","23":"product-type-variable","24":"has-default-attributes"},"_links":{"self":[{"href":"https:\/\/primomoto.es\/de\/wp-json\/wp\/v2\/product\/140217","targetHints":{"allow":["GET"]}}],"collection":[{"href":"https:\/\/primomoto.es\/de\/wp-json\/wp\/v2\/product"}],"about":[{"href":"https:\/\/primomoto.es\/de\/wp-json\/wp\/v2\/types\/product"}],"wp:featuredmedia":[{"embeddable":true,"href":"https:\/\/primomoto.es\/de\/wp-json\/wp\/v2\/media\/140192"}],"wp:attachment":[{"href":"https:\/\/primomoto.es\/de\/wp-json\/wp\/v2\/media?parent=140217"}],"wp:term":[{"taxonomy":"product_brand","embeddable":true,"href":"https:\/\/primomoto.es\/de\/wp-json\/wp\/v2\/product_brand?post=140217"},{"taxonomy":"product_cat","embeddable":true,"href":"https:\/\/primomoto.es\/de\/wp-json\/wp\/v2\/product_cat?post=140217"},{"taxonomy":"product_tag","embeddable":true,"href":"https:\/\/primomoto.es\/de\/wp-json\/wp\/v2\/product_tag?post=140217"}],"curies":[{"name":"wp","href":"https:\/\/api.w.org\/{rel}","templated":true}]}}

<h2>R-Tech Falcon Motorrad-Lederhandschuhe</h2>
<p><strong>Beschreibung:</strong></p>
<ul>
<li>Mischhandschuhe aus Leder und Textil.</li>
<li>Echtes Leder, das in Bereichen mit hohem Aufprallrisiko verwendet wird.</li>
<li>Konstruktion aus weichem Polyestergewebe für bequeme Passform und Luftführung.</li>
<li>Innen weiches Polyesterfutter.</li>
<li>Paspel aus echtem Leder.</li>
<li>TPU-Protektor für Knöchelschutz.</li>
<li>Luftschutz für Handflächen- und Fingersicherheit.</li>
<li>Clarino-Verstärkung für Handflächensicherheit.</li>
<li>Geschwungene Form für angenehme Passform.</li>
<li>Elastische Paneele für</li>
<li>Verstellbarer Klettverschluss an der Manschette für besseren Komfort und Griffigkeit der Manschette.</li>
</ul>
